{"id":84,"date":"2019-02-06T13:26:46","date_gmt":"2019-02-06T12:26:46","guid":{"rendered":"http:\/\/ida.bs.katowice.pl\/?page_id=84"},"modified":"2025-10-23T08:58:40","modified_gmt":"2025-10-23T06:58:40","slug":"kontakt","status":"publish","type":"page","link":"https:\/\/ida.bs.katowice.pl\/index.php\/kontakt\/","title":{"rendered":"Kontakt"},"content":{"rendered":"<article class=\"contact-info\">\n<blockquote><p>Instytut Dokumentacji Architektury Biblioteki \u015al\u0105skiej zaprasza do korzystania ze zbior\u00f3w archiwum po wcze\u015bniejszym uzgodnieniu terminu telefonicznie lub mailowo z pracownikiem Instytutu.<\/p><\/blockquote>\n<section aria-labelledby=\"contact-team\">\n<h3 id=\"contact-team\">Zesp\u00f3\u0142 Instytutu Dokumentacji Architektury reprezentuj\u0105:<\/h3>\n<p><strong>Kierownik:<br \/>\n<\/strong>prof. dr hab. in\u017c. arch. Magdalena \u017bmudzi\u0144ska-Nowak<br \/>\ne-mail: <a href=\"mailto:magdalena.zmudzinska.nowak@bs.katowice.pl\">magdalena.zmudzinska.nowak@bs.katowice.pl<\/a><\/p>\n<p><strong>Zast\u0119pca Kierownika:<br \/>\n<\/strong>mgr Dominika \u015aliwi\u0144ska<br \/>\ntel: <a href=\"tel:785710210\">785 710 210<\/a><br \/>\ne-mail: <a href=\"mailto:dominika.sliwinska@bs.katowice.pl\">dominika.sliwinska@bs.katowice.pl<\/a><\/p>\n<p><strong>Specjalistki ds. dokumentacji architektury:<\/strong><br \/>\nmgr Oktawia Skakowska<br \/>\ne-mail: <a href=\"mailto:oktawia.skakowska@bs.katowice.pl\">oktawia.skakowska@bs.katowice.pl<\/a><br \/>\nin\u017c. arch. Julia Wild<br \/>\ne-mail: <a href=\"mailto:julia.wild@bs.katowice.pl\">julia.wild@bs.katowice.pl<\/a><\/p>\n<p><strong>Obs\u0142uga informatyczna:<br \/>\n<\/strong>Marek P\u0119czak<br \/>\ne-mail: <a href=\"mailto:marek.peczak@bs.katowice.pl\">marek.peczak@bs.katowice.pl<\/a><\/p>\n<\/section>\n<address><strong>Instytut Dokumentacji Architektury<\/strong><br \/>\nul. Francuska 12, 40-015 Katowice<br \/>\ntel: <a href=\"tel:785710210\">785 710 210<\/a><br \/>\ntel: <a href=\"tel:605057127\">605 057 127<\/a> &#8211; Archiwum Architekt\u00f3w<br \/>\ne-mail: <a href=\"mailto:ida@bs.katowice.pl\">ida@bs.katowice.pl<\/a><br \/>\nponiedzia\u0142ek\u2013pi\u0105tek, godz. 10:00\u201315:00<\/address>\n<section aria-labelledby=\"map-heading\">\n<h3 id=\"map-heading\">Lokalizacja<\/h3>\n<p><iframe loading=\"lazy\" style=\"border: 1px solid black;\" title=\"Mapa lokalizacji Instytutu\" src=\"https:\/\/www.openstreetmap.org\/export\/embed.html?bbox=19.026869237422947%2C50.25532229726956%2C19.029379785060883%2C50.2564489847365&amp;layer=mapnik&amp;marker=50.25588478688502%2C19.028124511241913\" width=\"425\" height=\"350\" frameborder=\"0\" marginwidth=\"0\" marginheight=\"0\" scrolling=\"no\"><\/iframe><br \/>\n<small><a href=\"https:\/\/www.openstreetmap.org\/?mlat=50.25588&amp;mlon=19.02812#map=19\/50.25589\/19.02812\">Wy\u015bwietl wi\u0119ksz\u0105 map\u0119<\/a><\/small><\/p>\n<\/section>\n<\/article>\n","protected":false},"excerpt":{"rendered":"<p>Instytut Dokumentacji Architektury Biblioteki \u015al\u0105skiej zaprasza do korzystania ze zbior\u00f3w archiwum po wcze\u015bniejszym uzgodnieniu terminu telefonicznie lub mailowo z pracownikiem Instytutu. Zesp\u00f3\u0142 Instytutu Dokumentacji Architektury reprezentuj\u0105: Kierownik: prof. dr hab. in\u017c. arch. Magdalena \u017bmudzi\u0144ska-Nowak e-mail:<a class=\"read-more\" href=\"https:\/\/ida.bs.katowice.pl\/index.php\/kontakt\/\">Continue reading<\/a><\/p>\n","protected":false},"author":1,"featured_media":0,"parent":0,"menu_order":0,"comment_status":"closed","ping_status":"closed","template":"page-templates\/page_fullwidth.php","meta":{"advgb_blocks_editor_width":"","advgb_blocks_columns_visual_guide":"","ngg_post_thumbnail":0,"footnotes":""},"class_list":["post-84","page","type-page","status-publish","hentry"],"coauthors":[],"author_meta":{"author_link":"https:\/\/ida.bs.katowice.pl\/index.php\/author\/ida_admin\/","display_name":"ida_admin"},"relative_dates":{"created":"Posted 7 lat ago","modified":"Updated 6 miesi\u0119cy ago"},"absolute_dates":{"created":"Posted on 6 lutego 2019","modified":"Updated on 23 pa\u017adziernika 2025"},"absolute_dates_time":{"created":"Posted on 6 lutego 2019 13:26","modified":"Updated on 23 pa\u017adziernika 2025 08:58"},"featured_img_caption":"","featured_img":false,"series_order":"","_links":{"self":[{"href":"https:\/\/ida.bs.katowice.pl\/index.php\/wp-json\/wp\/v2\/pages\/84","targetHints":{"allow":["GET"]}}],"collection":[{"href":"https:\/\/ida.bs.katowice.pl\/index.php\/wp-json\/wp\/v2\/pages"}],"about":[{"href":"https:\/\/ida.bs.katowice.pl\/index.php\/wp-json\/wp\/v2\/types\/page"}],"author":[{"embeddable":true,"href":"https:\/\/ida.bs.katowice.pl\/index.php\/wp-json\/wp\/v2\/users\/1"}],"replies":[{"embeddable":true,"href":"https:\/\/ida.bs.katowice.pl\/index.php\/wp-json\/wp\/v2\/comments?post=84"}],"version-history":[{"count":66,"href":"https:\/\/ida.bs.katowice.pl\/index.php\/wp-json\/wp\/v2\/pages\/84\/revisions"}],"predecessor-version":[{"id":4026,"href":"https:\/\/ida.bs.katowice.pl\/index.php\/wp-json\/wp\/v2\/pages\/84\/revisions\/4026"}],"wp:attachment":[{"href":"https:\/\/ida.bs.katowice.pl\/index.php\/wp-json\/wp\/v2\/media?parent=84"}],"curies":[{"name":"wp","href":"https:\/\/api.w.org\/{rel}","templated":true}]}}