{"id":2066,"date":"2021-12-13T14:58:58","date_gmt":"2021-12-13T13:58:58","guid":{"rendered":"https:\/\/ida.bs.katowice.pl\/?page_id=2066"},"modified":"2025-06-03T12:33:39","modified_gmt":"2025-06-03T10:33:39","slug":"gliwice-na-tle-europejskich-tendencji-w-architekturze","status":"publish","type":"page","link":"https:\/\/ida.bs.katowice.pl\/index.php\/wyklady\/architektoniczna-triada\/gliwice-na-tle-europejskich-tendencji-w-architekturze\/","title":{"rendered":"Gliwice na tle europejskich tendencji w architekturze"},"content":{"rendered":"<p>W ramach cyklu Architektoniczna Triada zapraszamy na dwa wyk\u0142ady po has\u0142em \u201eGliwice na tle europejskich tendencji w architekturze \u2013 od modernizmu do postmodernizmu\u201d. Celem prezentacji jest pokazanie wybranych element\u00f3w dziedzictwa architektonicznego miasta z okresu XX wieku i ich analiza w szerokim kontek\u015bcie europejskim. Pierwsze spotkanie dedykowane jest modernistycznej architekturze I po\u0142owy XX wieku.<\/p>\n<p>D\u0142uga historia Gliwic si\u0119ga \u015bredniowiecza i ka\u017cdy z okres\u00f3w rozwoju pozostawi\u0142 w obrazie miasta do dzisiaj wyra\u017any \u015blad. Mo\u017cna studiowa\u0107 te \u015blady ograniczaj\u0105c si\u0119 do skali miasta, analizowa\u0107 je ze wzgl\u0119du na okres powstania i styl, konstrukcj\u0119, form\u0119 i detal. Du\u017co bardziej interesuj\u0105ce jest jednak\u017ce studiowanie ich genezy, w szerszym europejskim kontek\u015bcie. Architektura to sztuka kszta\u0142towania przestrzeni i jak \u017cadna inna dziedzina sztuki jest uwarunkowana spo\u0142ecznie, politycznie, ekonomicznie i ma wp\u0142yw na komfort \u017cycia. Jej rozw\u00f3j generuj\u0105 rosn\u0105ce mo\u017cliwo\u015bci techniczne, normatywy prawne, nowe teorie i koncepcje w dziedzinie filozofii i sztuki i polityki spo\u0142ecznej. Szczeg\u00f3lnie wyra\u017ane przeobra\u017cenia w rozwoju architektury mia\u0142y miejsce w prze\u0142omowych momentach historii, do kt\u00f3rych bez w\u0105tpienia nale\u017c\u0105 rewolucja przemys\u0142owa II po\u0142owy XVIII w., wojny \u015bwiatowe, rewolucja obyczajowa lat 60. XX w., najnowsza rewolucja technologiczna. Skutki tych przeobra\u017ce\u0144 widoczne s\u0105 r\u00f3wnie\u017c w architekturze Gliwic.<\/p>\n<p>dr in\u017c. arch. Justyna Swoszowska<br \/>\nArchitektka, badaczka i historyczka architektury XX w., wyk\u0142adowczyni akademicka. Wsp\u00f3\u0142pracuje z Instytutem Dokumentacji Architektury. Zaanga\u017cowana w ochron\u0119 lokalnego dziedzictwa i partycypacj\u0119 spo\u0142eczn\u0105. Wsp\u00f3\u0142za\u0142o\u017cycielka Stowarzyszenia Miasto Ogr\u00f3d Gliwice, dzia\u0142aj\u0105cego w celu ochrony dziedzictwa kulturowego i przyrodniczego. Prowadzi badania dotycz\u0105ce architektury XX wieku oraz konserwacji zabytk\u00f3w. Wsp\u00f3\u0142pracuje z miesi\u0119cznikiem Architektura Murator, do kt\u00f3rego pisze krytyczne teksty na temat architektury najnowszej. Autorka publikacji z zakresu architektury wsp\u00f3\u0142czesnej i ochrony dziedzictwa, m.in. \u201eRewaloryzacja zabytkowego cmentarza przy by\u0142ym klasztorze Zakonu Bonifratr\u00f3w w Pilchowicach &#8211; przyk\u0142ad ochrony dziedzictwa na terenie pogranicza\u201d, \u201eSztuka przekszta\u0142cania przestrzeni miejskiej &#8211; pomi\u0119dzy pi\u0119knem a funkcjonalno\u015bci\u0105\u201d.<\/p>\n<p>&nbsp;<\/p>\n<p>Cz\u0119\u015b\u0107 I wyk\u0142adu odby\u0142a si\u0119 25 listopada i jest dost\u0119pna do obejrzenia poni\u017cej:<br \/>\n<iframe loading=\"lazy\" title=\"YouTube video player\" src=\"https:\/\/www.youtube.com\/embed\/HiHx-L4Puv0\" width=\"560\" height=\"315\" frameborder=\"0\" allowfullscreen=\"allowfullscreen\"><\/iframe><\/p>\n<p>Cz\u0119\u015b\u0107 II wyk\u0142adu odby\u0142a si\u0119 16 grudnia 2021 r.:<br \/>\n<a href=\"https:\/\/youtu.be\/duH-P_H3pPA\" target=\"_blank\" rel=\"noopener\">https:\/\/youtu.be\/duH-P_H3pPA<\/a><br \/>\n<iframe loading=\"lazy\" title=\"YouTube video player\" src=\"https:\/\/www.youtube.com\/embed\/duH-P_H3pPA\" width=\"560\" height=\"315\" frameborder=\"0\" allowfullscreen=\"allowfullscreen\"><\/iframe><\/p>\n","protected":false},"excerpt":{"rendered":"<p>W ramach cyklu Architektoniczna Triada zapraszamy na dwa wyk\u0142ady po has\u0142em \u201eGliwice na tle europejskich tendencji w architekturze \u2013 od modernizmu do postmodernizmu\u201d. Celem prezentacji jest pokazanie wybranych element\u00f3w dziedzictwa architektonicznego miasta z okresu XX<a class=\"read-more\" href=\"https:\/\/ida.bs.katowice.pl\/index.php\/wyklady\/architektoniczna-triada\/gliwice-na-tle-europejskich-tendencji-w-architekturze\/\">Continue reading<\/a><\/p>\n","protected":false},"author":7,"featured_media":0,"parent":1715,"menu_order":0,"comment_status":"closed","ping_status":"closed","template":"page-templates\/page_fullwidth.php","meta":{"advgb_blocks_editor_width":"","advgb_blocks_columns_visual_guide":"","ngg_post_thumbnail":0,"footnotes":""},"class_list":["post-2066","page","type-page","status-publish","hentry"],"coauthors":[],"author_meta":{"author_link":"https:\/\/ida.bs.katowice.pl\/index.php\/author\/peczakm\/","display_name":"Marek P\u0119czak"},"relative_dates":{"created":"Posted 4 lata ago","modified":"Updated 11 miesi\u0119cy ago"},"absolute_dates":{"created":"Posted on 13 grudnia 2021","modified":"Updated on 3 czerwca 2025"},"absolute_dates_time":{"created":"Posted on 13 grudnia 2021 14:58","modified":"Updated on 3 czerwca 2025 12:33"},"featured_img_caption":"","featured_img":false,"series_order":"","_links":{"self":[{"href":"https:\/\/ida.bs.katowice.pl\/index.php\/wp-json\/wp\/v2\/pages\/2066","targetHints":{"allow":["GET"]}}],"collection":[{"href":"https:\/\/ida.bs.katowice.pl\/index.php\/wp-json\/wp\/v2\/pages"}],"about":[{"href":"https:\/\/ida.bs.katowice.pl\/index.php\/wp-json\/wp\/v2\/types\/page"}],"author":[{"embeddable":true,"href":"https:\/\/ida.bs.katowice.pl\/index.php\/wp-json\/wp\/v2\/users\/7"}],"replies":[{"embeddable":true,"href":"https:\/\/ida.bs.katowice.pl\/index.php\/wp-json\/wp\/v2\/comments?post=2066"}],"version-history":[{"count":3,"href":"https:\/\/ida.bs.katowice.pl\/index.php\/wp-json\/wp\/v2\/pages\/2066\/revisions"}],"predecessor-version":[{"id":3917,"href":"https:\/\/ida.bs.katowice.pl\/index.php\/wp-json\/wp\/v2\/pages\/2066\/revisions\/3917"}],"up":[{"embeddable":true,"href":"https:\/\/ida.bs.katowice.pl\/index.php\/wp-json\/wp\/v2\/pages\/1715"}],"wp:attachment":[{"href":"https:\/\/ida.bs.katowice.pl\/index.php\/wp-json\/wp\/v2\/media?parent=2066"}],"curies":[{"name":"wp","href":"https:\/\/api.w.org\/{rel}","templated":true}]}}