{"id":1826,"date":"2021-09-21T15:36:07","date_gmt":"2021-09-21T13:36:07","guid":{"rendered":"https:\/\/ida.bs.katowice.pl\/?page_id=1826"},"modified":"2025-06-03T12:35:13","modified_gmt":"2025-06-03T10:35:13","slug":"lizbona-miasto-i-ludzie","status":"publish","type":"page","link":"https:\/\/ida.bs.katowice.pl\/index.php\/wyklady\/architekt-w-podrozy\/lizbona-miasto-i-ludzie\/","title":{"rendered":"Lizbona &#8211; miasto i ludzie"},"content":{"rendered":"<p style=\"text-align: left;\" align=\"justify\">Lizbona to jedna z najpi\u0119kniejszych stolic Europy. To miejsce gdzie g\u00f3ry przegl\u0105daj\u0105 si\u0119 w rozleg\u0142ej delcie Tagu, gdzie spotykaj\u0105 si\u0119 r\u00f3\u017cnorodne kultury, tradycje i niezwykli ludzie. W Lizbonie znajdziemy pami\u0105tki z czas\u00f3w rzymskich, \u015bredniowiecza, nowo\u017cytno\u015bci i czas\u00f3w najnowszych. Miasto jest barwn\u0105 mozaik\u0105 dzielnic o r\u00f3\u017cnej strukturze, charakterze zabudowy oraz historii. Autorka przeprowadzi s\u0142uchaczy ulicami Lizbony, odwiedzimy takie miejsca jak Alfama, Mouraria, Baixa, Avenida de Liberdade, Bairro Alto, Chiado, Belem i inne. Postaramy si\u0119 wsp\u00f3lnie odkrywa\u0107 ich r\u00f3\u017cnorodno\u015b\u0107 i niepowtarzalny klimat oraz poznamy ludzi z nimi zwi\u0105zanych. Lizbona to miasto przesycone s\u0142o\u0144cem i muzyk\u0105. Miasto, kt\u00f3rego nie da si\u0119 nie kocha\u0107.<\/p>\n<p style=\"text-align: left;\" align=\"justify\">O niezwyk\u0142ej Lizbonie opowie nam prof. dr hab. arch. Magdalena \u017bmudzi\u0144ska-Nowak &#8211; badaczka, zajmuj\u0105ca si\u0119 szeroko poj\u0119tym dziedzictwem kulturowym, histori\u0105 i teori\u0105 architektury, a tak\u017ce zagadnieniami ochrony i adaptacji obiekt\u00f3w zabytkowych. Jest autork\u0105 licznych publikacji krajowych i zagranicznych, w tym monografii: \u201eMiejsce. To\u017csamo\u015b\u0107 i zmiana\u201d , &#8222;Local architecture heritage in the integrated approach&#8221; i wielu innych. Jest kierownikiem Katedry Teorii, Projektowania i Historii Architektury oraz Instytutu Dokumentacji Architektury Biblioteki \u015al\u0105skiej w Katowicach.<\/p>\n<p style=\"text-align: left;\" align=\"justify\">Wyk\u0142ad mo\u017cna obejrze\u0107 na kanale YouTube Instytutu Dokumentacji Architektury Biblioteki \u015al\u0105skiej<br \/>\nLink: <a href=\"https:\/\/youtu.be\/WqAGesPpOqM\">https:\/\/youtu.be\/yNrouZ4CFCU<\/a><\/p>\n<p style=\"text-align: left;\"><iframe loading=\"lazy\" title=\"YouTube video player\" src=\"https:\/\/www.youtube.com\/embed\/-F1d01A9NjM\" width=\"560\" height=\"315\" frameborder=\"0\" allowfullscreen=\"allowfullscreen\"><\/iframe><\/p>\n","protected":false},"excerpt":{"rendered":"<p>Lizbona to jedna z najpi\u0119kniejszych stolic Europy. To miejsce gdzie g\u00f3ry przegl\u0105daj\u0105 si\u0119 w rozleg\u0142ej delcie Tagu, gdzie spotykaj\u0105 si\u0119 r\u00f3\u017cnorodne kultury, tradycje i niezwykli ludzie. W Lizbonie znajdziemy pami\u0105tki z czas\u00f3w rzymskich, \u015bredniowiecza, nowo\u017cytno\u015bci<a class=\"read-more\" href=\"https:\/\/ida.bs.katowice.pl\/index.php\/wyklady\/architekt-w-podrozy\/lizbona-miasto-i-ludzie\/\">Continue reading<\/a><\/p>\n","protected":false},"author":7,"featured_media":0,"parent":1722,"menu_order":0,"comment_status":"closed","ping_status":"closed","template":"page-templates\/page_fullwidth.php","meta":{"advgb_blocks_editor_width":"","advgb_blocks_columns_visual_guide":"","ngg_post_thumbnail":0,"footnotes":""},"class_list":["post-1826","page","type-page","status-publish","hentry"],"coauthors":[],"author_meta":{"author_link":"https:\/\/ida.bs.katowice.pl\/index.php\/author\/peczakm\/","display_name":"Marek P\u0119czak"},"relative_dates":{"created":"Posted 5 lat ago","modified":"Updated 11 miesi\u0119cy ago"},"absolute_dates":{"created":"Posted on 21 wrze\u015bnia 2021","modified":"Updated on 3 czerwca 2025"},"absolute_dates_time":{"created":"Posted on 21 wrze\u015bnia 2021 15:36","modified":"Updated on 3 czerwca 2025 12:35"},"featured_img_caption":"","featured_img":false,"series_order":"","_links":{"self":[{"href":"https:\/\/ida.bs.katowice.pl\/index.php\/wp-json\/wp\/v2\/pages\/1826","targetHints":{"allow":["GET"]}}],"collection":[{"href":"https:\/\/ida.bs.katowice.pl\/index.php\/wp-json\/wp\/v2\/pages"}],"about":[{"href":"https:\/\/ida.bs.katowice.pl\/index.php\/wp-json\/wp\/v2\/types\/page"}],"author":[{"embeddable":true,"href":"https:\/\/ida.bs.katowice.pl\/index.php\/wp-json\/wp\/v2\/users\/7"}],"replies":[{"embeddable":true,"href":"https:\/\/ida.bs.katowice.pl\/index.php\/wp-json\/wp\/v2\/comments?post=1826"}],"version-history":[{"count":3,"href":"https:\/\/ida.bs.katowice.pl\/index.php\/wp-json\/wp\/v2\/pages\/1826\/revisions"}],"predecessor-version":[{"id":2873,"href":"https:\/\/ida.bs.katowice.pl\/index.php\/wp-json\/wp\/v2\/pages\/1826\/revisions\/2873"}],"up":[{"embeddable":true,"href":"https:\/\/ida.bs.katowice.pl\/index.php\/wp-json\/wp\/v2\/pages\/1722"}],"wp:attachment":[{"href":"https:\/\/ida.bs.katowice.pl\/index.php\/wp-json\/wp\/v2\/media?parent=1826"}],"curies":[{"name":"wp","href":"https:\/\/api.w.org\/{rel}","templated":true}]}}