{"id":1720,"date":"2021-09-28T15:29:38","date_gmt":"2021-09-28T13:29:38","guid":{"rendered":"https:\/\/ida.bs.katowice.pl\/?page_id=1720"},"modified":"2025-06-03T12:32:35","modified_gmt":"2025-06-03T10:32:35","slug":"nowe-oblicze-architektura-tarnowskich-gor-w-okresie-miedzywojennym","status":"publish","type":"page","link":"https:\/\/ida.bs.katowice.pl\/index.php\/wyklady\/architektoniczna-triada\/nowe-oblicze-architektura-tarnowskich-gor-w-okresie-miedzywojennym\/","title":{"rendered":"Nowe oblicze. Architektura Tarnowskich G\u00f3r w okresie mi\u0119dzywojennym"},"content":{"rendered":"<p style=\"text-align: left;\" align=\"justify\">Serdecznie zapraszamy na wyk\u0142ad Marka Panusia pt. \u201eNowe oblicze. Architektura Tarnowskich G\u00f3r w okresie mi\u0119dzywojennym\u201d.<br \/>\nOkres mi\u0119dzywojenny w dziejach Tarnowskich G\u00f3r by\u0142 czasem wielu wa\u017cnych przemian. Miasto znalaz\u0142o si\u0119 po raz pierwszy w granicach Polski, miejsce g\u00f3rnictwa jako czynnika rozwoju zast\u0105pi\u0142a kolej, a liczba mieszka\u0144c\u00f3w znacznie si\u0119 zwi\u0119kszy\u0142a. Wymownym \u015bwiadectwem tych proces\u00f3w s\u0105 pochodz\u0105ce z tego czasu budynki. Obiekty te, wznoszone w stylu modernistycznym, by\u0142y projektowane zwykle przez miejscowych architekt\u00f3w. Nowe inwestycje skupione zosta\u0142y g\u0142\u00f3wnie na przedmie\u015bciach, ale kilka z nich zrealizowano r\u00f3wnie\u017c w obr\u0119bie historycznego centrum. Najliczniejsze by\u0142y prywatne wille, kt\u00f3rych najciekawsze przyk\u0142ady ogl\u0105da\u0107 mo\u017cna przy ulicach Wyszy\u0144skiego i Wyspia\u0144skiego. U zbiegu tych ulic powsta\u0142 te\u017c najcenniejszy gmach publiczny z tego czasu \u2013 tzw. szko\u0142a parkowa, zaprojektowana w duchu funkcjonalizmu.<\/p>\n<p style=\"text-align: left;\" align=\"justify\">Marek Panu\u015b<br \/>\nAbsolwent studi\u00f3w licencjackich i magisterskich z historii na Uniwersytecie Opolskim i studi\u00f3w podyplomowych z historii sztuki na Uniwersytecie \u015al\u0105skim w Katowicach. Adiunkt w Dziale Edukacji i Promocji Muzeum w Tarnowskich G\u00f3rach. Jego zainteresowania badawcze koncentruj\u0105 si\u0119 wok\u00f3\u0142 zagadnie\u0144 zwi\u0105zanych z histori\u0105 i dziedzictwem kulturowym Tarnowskich G\u00f3r i G\u00f3rnego \u015al\u0105ska. Autor publikacji (m.in. Matka g\u00f3rno\u015bl\u0105skich zbor\u00f3w. Parafia ewangelicka w Tarnowskich G\u00f3rach w latach 1742\u20131945), wystaw (m.in. Powr\u00f3t ksi\u0119cia. Franz von Lenbach, Portret Guido Henckel von Donnersmarcka) i projekt\u00f3w edukacyjnych (m.in. Nowe oblicze. Architektura Tarnowskich G\u00f3r w okresie mi\u0119dzywojennym).<\/p>\n<p style=\"text-align: left;\" align=\"justify\">Wyk\u0142ady dost\u0119pne s\u0105 na kanale YouTube Instytutu Dokumentacji Architektury Biblioteki \u015al\u0105skiej<br \/>\nLink: <a href=\"https:\/\/youtu.be\/JzvndH24URs\">https:\/\/youtu.be\/yNrouZ4CFCU<\/a><\/p>\n<p style=\"text-align: left;\"><iframe loading=\"lazy\" title=\"YouTube video player\" src=\"https:\/\/www.youtube.com\/embed\/yNrouZ4CFCU\" width=\"560\" height=\"315\" frameborder=\"0\" allowfullscreen=\"allowfullscreen\"><\/iframe><\/p>\n","protected":false},"excerpt":{"rendered":"<p>Serdecznie zapraszamy na wyk\u0142ad Marka Panusia pt. \u201eNowe oblicze. Architektura Tarnowskich G\u00f3r w okresie mi\u0119dzywojennym\u201d. Okres mi\u0119dzywojenny w dziejach Tarnowskich G\u00f3r by\u0142 czasem wielu wa\u017cnych przemian. Miasto znalaz\u0142o si\u0119 po raz pierwszy w granicach Polski,<a class=\"read-more\" href=\"https:\/\/ida.bs.katowice.pl\/index.php\/wyklady\/architektoniczna-triada\/nowe-oblicze-architektura-tarnowskich-gor-w-okresie-miedzywojennym\/\">Continue reading<\/a><\/p>\n","protected":false},"author":7,"featured_media":0,"parent":1715,"menu_order":0,"comment_status":"closed","ping_status":"closed","template":"page-templates\/page_fullwidth.php","meta":{"advgb_blocks_editor_width":"","advgb_blocks_columns_visual_guide":"","ngg_post_thumbnail":0,"footnotes":""},"class_list":["post-1720","page","type-page","status-publish","hentry"],"coauthors":[],"author_meta":{"author_link":"https:\/\/ida.bs.katowice.pl\/index.php\/author\/peczakm\/","display_name":"Marek P\u0119czak"},"relative_dates":{"created":"Posted 5 lat ago","modified":"Updated 11 miesi\u0119cy ago"},"absolute_dates":{"created":"Posted on 28 wrze\u015bnia 2021","modified":"Updated on 3 czerwca 2025"},"absolute_dates_time":{"created":"Posted on 28 wrze\u015bnia 2021 15:29","modified":"Updated on 3 czerwca 2025 12:32"},"featured_img_caption":"","featured_img":false,"series_order":"","_links":{"self":[{"href":"https:\/\/ida.bs.katowice.pl\/index.php\/wp-json\/wp\/v2\/pages\/1720","targetHints":{"allow":["GET"]}}],"collection":[{"href":"https:\/\/ida.bs.katowice.pl\/index.php\/wp-json\/wp\/v2\/pages"}],"about":[{"href":"https:\/\/ida.bs.katowice.pl\/index.php\/wp-json\/wp\/v2\/types\/page"}],"author":[{"embeddable":true,"href":"https:\/\/ida.bs.katowice.pl\/index.php\/wp-json\/wp\/v2\/users\/7"}],"replies":[{"embeddable":true,"href":"https:\/\/ida.bs.katowice.pl\/index.php\/wp-json\/wp\/v2\/comments?post=1720"}],"version-history":[{"count":3,"href":"https:\/\/ida.bs.katowice.pl\/index.php\/wp-json\/wp\/v2\/pages\/1720\/revisions"}],"predecessor-version":[{"id":2583,"href":"https:\/\/ida.bs.katowice.pl\/index.php\/wp-json\/wp\/v2\/pages\/1720\/revisions\/2583"}],"up":[{"embeddable":true,"href":"https:\/\/ida.bs.katowice.pl\/index.php\/wp-json\/wp\/v2\/pages\/1715"}],"wp:attachment":[{"href":"https:\/\/ida.bs.katowice.pl\/index.php\/wp-json\/wp\/v2\/media?parent=1720"}],"curies":[{"name":"wp","href":"https:\/\/api.w.org\/{rel}","templated":true}]}}

Nowe oblicze. Architektura Tarnowskich Gór w okresie międzywojennym

<p style="text-align: left;" align="justify">Serdecznie zapraszamy na wykład Marka Panusia pt. „Nowe oblicze. Architektura Tarnowskich Gór w okresie międzywojennym”.<br />
Okres międzywojenny w dziejach Tarnowskich Gór był czasem wielu ważnych przemian. Miasto znalazło się po raz pierwszy w granicach Polski, miejsce górnictwa jako czynnika rozwoju zastąpiła kolej, a liczba mieszkańców znacznie się zwiększyła. Wymownym świadectwem tych procesów są pochodzące z tego czasu budynki. Obiekty te, wznoszone w stylu modernistycznym, były projektowane zwykle przez miejscowych architektów. Nowe inwestycje skupione zostały głównie na przedmieściach, ale kilka z nich zrealizowano również w obrębie historycznego centrum. Najliczniejsze były prywatne wille, których najciekawsze przykłady oglądać można przy ulicach Wyszyńskiego i Wyspiańskiego. U zbiegu tych ulic powstał też najcenniejszy gmach publiczny z tego czasu – tzw. szkoła parkowa, zaprojektowana w duchu funkcjonalizmu.</p>
<p style="text-align: left;" align="justify">Marek Panuś<br />
Absolwent studiów licencjackich i magisterskich z historii na Uniwersytecie Opolskim i studiów podyplomowych z historii sztuki na Uniwersytecie Śląskim w Katowicach. Adiunkt w Dziale Edukacji i Promocji Muzeum w Tarnowskich Górach. Jego zainteresowania badawcze koncentrują się wokół zagadnień związanych z historią i dziedzictwem kulturowym Tarnowskich Gór i Górnego Śląska. Autor publikacji (m.in. Matka górnośląskich zborów. Parafia ewangelicka w Tarnowskich Górach w latach 1742–1945), wystaw (m.in. Powrót księcia. Franz von Lenbach, Portret Guido Henckel von Donnersmarcka) i projektów edukacyjnych (m.in. Nowe oblicze. Architektura Tarnowskich Gór w okresie międzywojennym).</p>
<p style="text-align: left;" align="justify">Wykłady dostępne są na kanale YouTube Instytutu Dokumentacji Architektury Biblioteki Śląskiej<br />
Link: <a href="https://youtu.be/JzvndH24URs">https://youtu.be/yNrouZ4CFCU</a></p>
<p style="text-align: left;"><iframe loading="lazy" title="YouTube video player" src="https://www.youtube.com/embed/yNrouZ4CFCU" width="560" height="315" frameborder="0" allowfullscreen="allowfullscreen"></iframe></p>

<p>Serdecznie zapraszamy na wykład Marka Panusia pt. „Nowe oblicze. Architektura Tarnowskich Gór w okresie międzywojennym”. Okres międzywojenny w dziejach Tarnowskich Gór był czasem wielu ważnych przemian. Miasto znalazło się po raz pierwszy w granicach Polski,<a class="read-more" href="https://ida.bs.katowice.pl/index.php/wyklady/architektoniczna-triada/nowe-oblicze-architektura-tarnowskich-gor-w-okresie-miedzywojennym/">Continue reading</a></p>

Marek Pęczak

Updated 11 miesięcy ago

Posted on 28 września 2021

Posted on 28 września 2021 15:29
