{"id":1718,"date":"2021-09-28T15:30:34","date_gmt":"2021-09-28T13:30:34","guid":{"rendered":"https:\/\/ida.bs.katowice.pl\/?page_id=1718"},"modified":"2025-06-03T12:21:27","modified_gmt":"2025-06-03T10:21:27","slug":"silesia-incognita-architektura-kosciolow-ewangelickich-gornego-slaska-1945-2017","status":"publish","type":"page","link":"https:\/\/ida.bs.katowice.pl\/index.php\/wyklady\/architektoniczna-triada\/silesia-incognita-architektura-kosciolow-ewangelickich-gornego-slaska-1945-2017\/","title":{"rendered":"Silesia incognita. Architektura ko\u015bcio\u0142\u00f3w ewangelickich G\u00f3rnego \u015al\u0105ska 1945-2017"},"content":{"rendered":"<p style=\"text-align: left;\" align=\"justify\">Serdecznie zapraszamy na wyk\u0142ad prof. dr hab. Ewy Chojeckiej pt. \u201eSilesia incognita. Architektura ko\u015bcio\u0142\u00f3w ewangelickich G\u00f3rnego \u015al\u0105ska 1945-2017\u201d.<br \/>\nI tym razem prof. Ewa Chojecka, z charakterystyczn\u0105 dla siebie intuicj\u0105 i mistrzowsk\u0105 precyzj\u0105 si\u0119ga po temat wa\u017cny i dot\u0105d nieodkryty. Dostrzega, \u017ce od czas\u00f3w powojennych do chwili obecnej, pomimo wszelkich przeciwno\u015bci powstaj\u0105 na G\u00f3rnym \u015al\u0105sku, g\u0142\u00f3wnie na \u015al\u0105sku Cieszy\u0144skim, nowe obiekty sakralne &#8211; ko\u015bcio\u0142y ewangelickie. Dokonuje ich chronologicznego przegl\u0105du, opisu i przedstawia na tle przemian politycznych, gospodarczych, kulturowych i artystycznych. Jednocze\u015bnie dostrzega ogrom kapita\u0142u kulturowego jaki stanowi\u0105, oraz ich rol\u0119 w kszta\u0142towaniu to\u017csamo\u015bci i wi\u0119zi spo\u0142ecznej mieszka\u0144c\u00f3w G\u00f3rnego \u015al\u0105ska.<\/p>\n<p style=\"text-align: left;\" align=\"justify\">Wyk\u0142ad jest prezentacj\u0105 wybranych aspekt\u00f3w ksi\u0105\u017cki prof. Ewy Chojeckiej pod tym samym tytu\u0142em.<\/p>\n<p style=\"text-align: left;\" align=\"justify\">Prof. dr hab. Ewa Chojecka \u2013 historyk sztuki. Za\u0142o\u017cycielka i wieloletni kierownik Zak\u0142adu Historii Sztuki na Uniwersytecie \u015al\u0105skim w Katowicach. Autorka licznych opracowa\u0144 dotycz\u0105cych sztuki G\u00f3rnego \u015al\u0105ska oraz architektury XIX i XX w. Pod Jej kierunkiem powsta\u0142a podstawowa pozycja pt. \u201eSztuka G\u00f3rnego \u015al\u0105ska &#8211; od \u015bredniowiecza do ko\u0144ca XX wieku\u201d. Wsp\u00f3\u0142pracuje z Instytutem Dokumentacji Architektury Biblioteki \u015al\u0105skiej.<\/p>\n<p style=\"text-align: left;\" align=\"justify\">Wyk\u0142ady dost\u0119pne s\u0105 na kanale YouTube Instytutu Dokumentacji Architektury Biblioteki \u015al\u0105skiej<br \/>\nLink: <a href=\"https:\/\/youtu.be\/JzvndH24URs\">https:\/\/youtu.be\/inXqg7siojY<\/a><\/p>\n<p style=\"text-align: left;\"><iframe loading=\"lazy\" title=\"YouTube video player\" src=\"https:\/\/www.youtube.com\/embed\/inXqg7siojY\" width=\"560\" height=\"315\" frameborder=\"0\" allowfullscreen=\"allowfullscreen\"><\/iframe><\/p>\n","protected":false},"excerpt":{"rendered":"<p>Serdecznie zapraszamy na wyk\u0142ad prof. dr hab. Ewy Chojeckiej pt. \u201eSilesia incognita. Architektura ko\u015bcio\u0142\u00f3w ewangelickich G\u00f3rnego \u015al\u0105ska 1945-2017\u201d. I tym razem prof. Ewa Chojecka, z charakterystyczn\u0105 dla siebie intuicj\u0105 i mistrzowsk\u0105 precyzj\u0105 si\u0119ga po temat<a class=\"read-more\" href=\"https:\/\/ida.bs.katowice.pl\/index.php\/wyklady\/architektoniczna-triada\/silesia-incognita-architektura-kosciolow-ewangelickich-gornego-slaska-1945-2017\/\">Continue reading<\/a><\/p>\n","protected":false},"author":7,"featured_media":0,"parent":1715,"menu_order":0,"comment_status":"closed","ping_status":"closed","template":"page-templates\/page_fullwidth.php","meta":{"advgb_blocks_editor_width":"","advgb_blocks_columns_visual_guide":"","ngg_post_thumbnail":0,"footnotes":""},"class_list":["post-1718","page","type-page","status-publish","hentry"],"coauthors":[],"author_meta":{"author_link":"https:\/\/ida.bs.katowice.pl\/index.php\/author\/peczakm\/","display_name":"Marek P\u0119czak"},"relative_dates":{"created":"Posted 5 lat ago","modified":"Updated 11 miesi\u0119cy ago"},"absolute_dates":{"created":"Posted on 28 wrze\u015bnia 2021","modified":"Updated on 3 czerwca 2025"},"absolute_dates_time":{"created":"Posted on 28 wrze\u015bnia 2021 15:30","modified":"Updated on 3 czerwca 2025 12:21"},"featured_img_caption":"","featured_img":false,"series_order":"","_links":{"self":[{"href":"https:\/\/ida.bs.katowice.pl\/index.php\/wp-json\/wp\/v2\/pages\/1718","targetHints":{"allow":["GET"]}}],"collection":[{"href":"https:\/\/ida.bs.katowice.pl\/index.php\/wp-json\/wp\/v2\/pages"}],"about":[{"href":"https:\/\/ida.bs.katowice.pl\/index.php\/wp-json\/wp\/v2\/types\/page"}],"author":[{"embeddable":true,"href":"https:\/\/ida.bs.katowice.pl\/index.php\/wp-json\/wp\/v2\/users\/7"}],"replies":[{"embeddable":true,"href":"https:\/\/ida.bs.katowice.pl\/index.php\/wp-json\/wp\/v2\/comments?post=1718"}],"version-history":[{"count":3,"href":"https:\/\/ida.bs.katowice.pl\/index.php\/wp-json\/wp\/v2\/pages\/1718\/revisions"}],"predecessor-version":[{"id":2582,"href":"https:\/\/ida.bs.katowice.pl\/index.php\/wp-json\/wp\/v2\/pages\/1718\/revisions\/2582"}],"up":[{"embeddable":true,"href":"https:\/\/ida.bs.katowice.pl\/index.php\/wp-json\/wp\/v2\/pages\/1715"}],"wp:attachment":[{"href":"https:\/\/ida.bs.katowice.pl\/index.php\/wp-json\/wp\/v2\/media?parent=1718"}],"curies":[{"name":"wp","href":"https:\/\/api.w.org\/{rel}","templated":true}]}}

Silesia incognita. Architektura kościołów ewangelickich Górnego Śląska 1945-2017

<p style="text-align: left;" align="justify">Serdecznie zapraszamy na wykład prof. dr hab. Ewy Chojeckiej pt. „Silesia incognita. Architektura kościołów ewangelickich Górnego Śląska 1945-2017”.<br />
I tym razem prof. Ewa Chojecka, z charakterystyczną dla siebie intuicją i mistrzowską precyzją sięga po temat ważny i dotąd nieodkryty. Dostrzega, że od czasów powojennych do chwili obecnej, pomimo wszelkich przeciwności powstają na Górnym Śląsku, głównie na Śląsku Cieszyńskim, nowe obiekty sakralne &#8211; kościoły ewangelickie. Dokonuje ich chronologicznego przeglądu, opisu i przedstawia na tle przemian politycznych, gospodarczych, kulturowych i artystycznych. Jednocześnie dostrzega ogrom kapitału kulturowego jaki stanowią, oraz ich rolę w kształtowaniu tożsamości i więzi społecznej mieszkańców Górnego Śląska.</p>
<p style="text-align: left;" align="justify">Wykład jest prezentacją wybranych aspektów książki prof. Ewy Chojeckiej pod tym samym tytułem.</p>
<p style="text-align: left;" align="justify">Prof. dr hab. Ewa Chojecka – historyk sztuki. Założycielka i wieloletni kierownik Zakładu Historii Sztuki na Uniwersytecie Śląskim w Katowicach. Autorka licznych opracowań dotyczących sztuki Górnego Śląska oraz architektury XIX i XX w. Pod Jej kierunkiem powstała podstawowa pozycja pt. „Sztuka Górnego Śląska &#8211; od średniowiecza do końca XX wieku”. Współpracuje z Instytutem Dokumentacji Architektury Biblioteki Śląskiej.</p>
<p style="text-align: left;" align="justify">Wykłady dostępne są na kanale YouTube Instytutu Dokumentacji Architektury Biblioteki Śląskiej<br />
Link: <a href="https://youtu.be/JzvndH24URs">https://youtu.be/inXqg7siojY</a></p>
<p style="text-align: left;"><iframe loading="lazy" title="YouTube video player" src="https://www.youtube.com/embed/inXqg7siojY" width="560" height="315" frameborder="0" allowfullscreen="allowfullscreen"></iframe></p>

<p>Serdecznie zapraszamy na wykład prof. dr hab. Ewy Chojeckiej pt. „Silesia incognita. Architektura kościołów ewangelickich Górnego Śląska 1945-2017”. I tym razem prof. Ewa Chojecka, z charakterystyczną dla siebie intuicją i mistrzowską precyzją sięga po temat<a class="read-more" href="https://ida.bs.katowice.pl/index.php/wyklady/architektoniczna-triada/silesia-incognita-architektura-kosciolow-ewangelickich-gornego-slaska-1945-2017/">Continue reading</a></p>

Marek Pęczak

Updated 11 miesięcy ago

Posted on 28 września 2021

Posted on 28 września 2021 15:30
