{"id":1712,"date":"2021-08-30T19:58:31","date_gmt":"2021-08-30T17:58:31","guid":{"rendered":"https:\/\/ida.bs.katowice.pl\/?page_id=1712"},"modified":"2025-06-03T12:36:35","modified_gmt":"2025-06-03T10:36:35","slug":"dwudziestowieczne-plany-urbanistyczne-rybnika-i-ich-realizacje","status":"publish","type":"page","link":"https:\/\/ida.bs.katowice.pl\/index.php\/wyklady\/architektoniczna-triada\/dwudziestowieczne-plany-urbanistyczne-rybnika-i-ich-realizacje\/","title":{"rendered":"Dwudziestowieczne plany urbanistyczne Rybnika i ich realizacje"},"content":{"rendered":"<p style=\"text-align: left;\" align=\"justify\">W ramach cyklu \u201eArchitektoniczna Triada\u201d serdecznie zapraszamy do obejrzenia trzech spotka\u0144 z dr arch. Jackiem Kami\u0144skim. Tematem wyk\u0142ad\u00f3w s\u0105 dwudziestowieczne plany urbanistyczne miasta Rybnika, prezentowane na tle szerokiego kontekstu spo\u0142ecznego, politycznego i ekonomicznego ich powstania i realizacji. Wyk\u0142ady s\u0105 jednocze\u015bnie prezentacj\u0105 wybranych aspekt\u00f3w pracy doktorskiej autora przygotowanej pod opiek\u0105 naukow\u0105 prof. dr hab. in\u017c. arch. Magdaleny \u017bmudzi\u0144skiej-Nowak i obronionej przez autora na Wydziale Architektury Politechniki \u015al\u0105skiej w 2021 roku. Wyk\u0142ady s\u0105 tak\u017ce promocj\u0105 ksi\u0105\u017cki pod tytu\u0142em \u201eDwudziestowieczne plany urbanistyczne Rybnika i ich realizacje\u201d, wydanej przez Muzeum w Rybniku pod redakcja dr Bogdana Klocha.<br \/>\nZe wzgl\u0119du na obszerny zakres tematyki, przygotowali\u015bmy cykl trzech spotka\u0144:<\/p>\n<p style=\"text-align: left;\" align=\"justify\">29.04.2021 r.<br \/>\nPierwsze spotkanie \u201dRybnik na pocz\u0105tku XX w. i pruskie plany urbanistyczne\u201d stanowi wprowadzenie w tematyk\u0119. Przedstawiony jest zarys rozwoju przestrzennego miasta od \u015bredniowiecza do pocz\u0105tku XX wieku, kiedy to wzrost zaludnienia wymusi\u0142 opracowanie pierwszego planu &#8211; wodoci\u0105g\u00f3w i kanalizacji z 1904 roku. Mimo i\u017c by\u0142 on projektem bran\u017cowym, plan ten traktowa\u0107 nale\u017cy jako urbanistyczny, gdy\u017c wyznaczy\u0142 nowe ulice i kwarta\u0142y pod zabudow\u0119. Zosta\u0142 zaledwie cz\u0119\u015bciowo zrealizowany, a dziewi\u0119\u0107 lat p\u00f3\u017aniej zast\u0105pi\u0142 go wizjonerski Plan Zabudowy autorstwa berli\u0144skiego uznanego architekta Henrego Grossa. Realizacj\u0119 wspania\u0142ego miasta La Belle Epoque uniemo\u017cliwi\u0142a I Wojna \u015awiatowa.<\/p>\n<p style=\"text-align: left;\" align=\"justify\"><iframe loading=\"lazy\" title=\"YouTube video player\" src=\"https:\/\/www.youtube.com\/embed\/nhyWaDCp0KY?start=5\" width=\"560\" height=\"315\" frameborder=\"0\" allowfullscreen=\"allowfullscreen\"><\/iframe><\/p>\n<p style=\"text-align: left;\" align=\"justify\">06.05.2021 r.<br \/>\nDrugie spotkanie \u201eRybnik w czasach II Rzeczpospolitej i okupacji niemieckiej\u201d dotyczy urbanistyki miasta, kt\u00f3re za spraw\u0105 wielkiej polityki trafi\u0142o do odrodzonej II Rzeczypospolitej, i w tym siedemnastoletnim zaledwie okresie zleci\u0142o wykonanie kilku wartych uwagi plan\u00f3w. Hitlerowska agresja przerwa\u0142a ich realizacj\u0119, lecz i nowi w\u0142adcy pozostawili po sobie interesuj\u0105cy dorobek planistyczny.<\/p>\n<p style=\"text-align: left;\" align=\"justify\"><iframe loading=\"lazy\" title=\"YouTube video player\" src=\"https:\/\/www.youtube.com\/embed\/JzvndH24URs?start=6\" width=\"560\" height=\"315\" frameborder=\"0\" allowfullscreen=\"allowfullscreen\"><\/iframe><\/p>\n<p style=\"text-align: left;\" align=\"justify\">13.05.2021 r.<br \/>\nSpotkanie trzecie \u201ePlany urbanistyczne Rybnika w okresie PRL a rzeczywisto\u015b\u0107 rozwoju\u201d, przedstawienia stan miasta po walkach roku 1945, prezentuj\u0105c kolejne plany adekwatne do zmieniaj\u0105cej si\u0119 sytuacji w PRL-u. Spojrzenie na problemy urbanistyczne \u00f3wczesnej stolicy Rybnickiego Okr\u0119gu W\u0119glowego jest obecnie niezwykle istotne, gdy\u017c aktualny stan miasta w du\u017cej mierze jest spu\u015bcizn\u0105 tamtych czas\u00f3w.<\/p>\n<p style=\"text-align: left;\" align=\"justify\"><iframe loading=\"lazy\" title=\"YouTube video player\" src=\"https:\/\/www.youtube.com\/embed\/t-ePEpPaW90\" width=\"560\" height=\"315\" frameborder=\"0\" allowfullscreen=\"allowfullscreen\"><\/iframe><\/p>\n<p style=\"text-align: left;\" align=\"justify\">Spotkania z dr arch. Jackiem Kami\u0144skim moderuje Prof. dr hab. in\u017c. arch. Magdalena \u017bmudzi\u0144ska-Nowak<br \/>\nWobec niemo\u017cno\u015bci zaprezentowania wszystkich materia\u0142\u00f3w (w\u015br\u00f3d nich wielu po raz pierwszy publikowanych) wykorzystanych w prezentowanych wyk\u0142adach, zach\u0119camy do zapoznania si\u0119 z dysertacj\u0105 i jej wydaniem ksi\u0105\u017ckowym.<\/p>\n<p style=\"text-align: left;\" align=\"justify\">dr in\u017c. arch. Jacek Kami\u0144ski, jak sam o sobie pisze:<br \/>\nPochodzi z Rybnika (cho\u0107 pierwsze dni \u017cycia sp\u0119dzi\u0142 w Knurowie).<br \/>\nZaw\u00f3d wyuczony &#8211; architekt. Wykonywany &#8211; antykwariusz ( Galeria &#8222;Pod Manekinem&#8221;). Zwi\u0105zany z Instytutem Dokumentacji Architektury Biblioteki \u015al\u0105skiej. Mi\u0142o\u015bnik lokalnej historii i dziedzictwa , w tym (niestety gin\u0105cej) spu\u015bcizny architektonicznej. Opublikowa\u0142 co\u015b nieco\u015b na te tematy. Z licznych interwencji w sprawie zagro\u017conych obiekt\u00f3w tylko nieliczne okaza\u0142y si\u0119 skuteczne. Lecz nie traci nadziei i nadal b\u0119dzie n\u0119ka\u0142 burzymurk\u00f3w i modernizator\u00f3w.<\/p>\n<p style=\"text-align: left;\" align=\"justify\">Wyk\u0142ady dost\u0119pne s\u0105 online na kanale YouTube Instytutu Dokumentacji Architektury Biblioteki \u015al\u0105skiej<br \/>\nLink: <a href=\"https:\/\/youtu.be\/JzvndH24URs\">https:\/\/youtu.be\/JzvndH24URs<\/a><\/p>\n","protected":false},"excerpt":{"rendered":"<p>W ramach cyklu \u201eArchitektoniczna Triada\u201d serdecznie zapraszamy do obejrzenia trzech spotka\u0144 z dr arch. Jackiem Kami\u0144skim. Tematem wyk\u0142ad\u00f3w s\u0105 dwudziestowieczne plany urbanistyczne miasta Rybnika, prezentowane na tle szerokiego kontekstu spo\u0142ecznego, politycznego i ekonomicznego ich powstania<a class=\"read-more\" href=\"https:\/\/ida.bs.katowice.pl\/index.php\/wyklady\/architektoniczna-triada\/dwudziestowieczne-plany-urbanistyczne-rybnika-i-ich-realizacje\/\">Continue reading<\/a><\/p>\n","protected":false},"author":7,"featured_media":0,"parent":1715,"menu_order":0,"comment_status":"closed","ping_status":"closed","template":"page-templates\/page_fullwidth.php","meta":{"advgb_blocks_editor_width":"","advgb_blocks_columns_visual_guide":"","ngg_post_thumbnail":0,"footnotes":""},"class_list":["post-1712","page","type-page","status-publish","hentry"],"coauthors":[],"author_meta":{"author_link":"https:\/\/ida.bs.katowice.pl\/index.php\/author\/peczakm\/","display_name":"Marek P\u0119czak"},"relative_dates":{"created":"Posted 5 lat ago","modified":"Updated 11 miesi\u0119cy ago"},"absolute_dates":{"created":"Posted on 30 sierpnia 2021","modified":"Updated on 3 czerwca 2025"},"absolute_dates_time":{"created":"Posted on 30 sierpnia 2021 19:58","modified":"Updated on 3 czerwca 2025 12:36"},"featured_img_caption":"","featured_img":false,"series_order":"","_links":{"self":[{"href":"https:\/\/ida.bs.katowice.pl\/index.php\/wp-json\/wp\/v2\/pages\/1712","targetHints":{"allow":["GET"]}}],"collection":[{"href":"https:\/\/ida.bs.katowice.pl\/index.php\/wp-json\/wp\/v2\/pages"}],"about":[{"href":"https:\/\/ida.bs.katowice.pl\/index.php\/wp-json\/wp\/v2\/types\/page"}],"author":[{"embeddable":true,"href":"https:\/\/ida.bs.katowice.pl\/index.php\/wp-json\/wp\/v2\/users\/7"}],"replies":[{"embeddable":true,"href":"https:\/\/ida.bs.katowice.pl\/index.php\/wp-json\/wp\/v2\/comments?post=1712"}],"version-history":[{"count":4,"href":"https:\/\/ida.bs.katowice.pl\/index.php\/wp-json\/wp\/v2\/pages\/1712\/revisions"}],"predecessor-version":[{"id":2581,"href":"https:\/\/ida.bs.katowice.pl\/index.php\/wp-json\/wp\/v2\/pages\/1712\/revisions\/2581"}],"up":[{"embeddable":true,"href":"https:\/\/ida.bs.katowice.pl\/index.php\/wp-json\/wp\/v2\/pages\/1715"}],"wp:attachment":[{"href":"https:\/\/ida.bs.katowice.pl\/index.php\/wp-json\/wp\/v2\/media?parent=1712"}],"curies":[{"name":"wp","href":"https:\/\/api.w.org\/{rel}","templated":true}]}}

<p style="text-align: left;" align="justify">W ramach cyklu „Architektoniczna Triada” serdecznie zapraszamy do obejrzenia trzech spotkań z dr arch. Jackiem Kamińskim. Tematem wykładów są dwudziestowieczne plany urbanistyczne miasta Rybnika, prezentowane na tle szerokiego kontekstu społecznego, politycznego i ekonomicznego ich powstania i realizacji. Wykłady są jednocześnie prezentacją wybranych aspektów pracy doktorskiej autora przygotowanej pod opieką naukową prof. dr hab. inż. arch. Magdaleny Żmudzińskiej-Nowak i obronionej przez autora na Wydziale Architektury Politechniki Śląskiej w 2021 roku. Wykłady są także promocją książki pod tytułem „Dwudziestowieczne plany urbanistyczne Rybnika i ich realizacje”, wydanej przez Muzeum w Rybniku pod redakcja dr Bogdana Klocha.<br />
Ze względu na obszerny zakres tematyki, przygotowaliśmy cykl trzech spotkań:</p>
<p style="text-align: left;" align="justify">29.04.2021 r.<br />
Pierwsze spotkanie ”Rybnik na początku XX w. i pruskie plany urbanistyczne” stanowi wprowadzenie w tematykę. Przedstawiony jest zarys rozwoju przestrzennego miasta od średniowiecza do początku XX wieku, kiedy to wzrost zaludnienia wymusił opracowanie pierwszego planu &#8211; wodociągów i kanalizacji z 1904 roku. Mimo iż był on projektem branżowym, plan ten traktować należy jako urbanistyczny, gdyż wyznaczył nowe ulice i kwartały pod zabudowę. Został zaledwie częściowo zrealizowany, a dziewięć lat później zastąpił go wizjonerski Plan Zabudowy autorstwa berlińskiego uznanego architekta Henrego Grossa. Realizację wspaniałego miasta La Belle Epoque uniemożliwiła I Wojna Światowa.</p>
<p style="text-align: left;" align="justify"><iframe loading="lazy" title="YouTube video player" src="https://www.youtube.com/embed/nhyWaDCp0KY?start=5" width="560" height="315" frameborder="0" allowfullscreen="allowfullscreen"></iframe></p>
<p style="text-align: left;" align="justify">06.05.2021 r.<br />
Drugie spotkanie „Rybnik w czasach II Rzeczpospolitej i okupacji niemieckiej” dotyczy urbanistyki miasta, które za sprawą wielkiej polityki trafiło do odrodzonej II Rzeczypospolitej, i w tym siedemnastoletnim zaledwie okresie zleciło wykonanie kilku wartych uwagi planów. Hitlerowska agresja przerwała ich realizację, lecz i nowi władcy pozostawili po sobie interesujący dorobek planistyczny.</p>
<p style="text-align: left;" align="justify"><iframe loading="lazy" title="YouTube video player" src="https://www.youtube.com/embed/JzvndH24URs?start=6" width="560" height="315" frameborder="0" allowfullscreen="allowfullscreen"></iframe></p>
<p style="text-align: left;" align="justify">13.05.2021 r.<br />
Spotkanie trzecie „Plany urbanistyczne Rybnika w okresie PRL a rzeczywistość rozwoju”, przedstawienia stan miasta po walkach roku 1945, prezentując kolejne plany adekwatne do zmieniającej się sytuacji w PRL-u. Spojrzenie na problemy urbanistyczne ówczesnej stolicy Rybnickiego Okręgu Węglowego jest obecnie niezwykle istotne, gdyż aktualny stan miasta w dużej mierze jest spuścizną tamtych czasów.</p>
<p style="text-align: left;" align="justify"><iframe loading="lazy" title="YouTube video player" src="https://www.youtube.com/embed/t-ePEpPaW90" width="560" height="315" frameborder="0" allowfullscreen="allowfullscreen"></iframe></p>
<p style="text-align: left;" align="justify">Spotkania z dr arch. Jackiem Kamińskim moderuje Prof. dr hab. inż. arch. Magdalena Żmudzińska-Nowak<br />
Wobec niemożności zaprezentowania wszystkich materiałów (wśród nich wielu po raz pierwszy publikowanych) wykorzystanych w prezentowanych wykładach, zachęcamy do zapoznania się z dysertacją i jej wydaniem książkowym.</p>
<p style="text-align: left;" align="justify">dr inż. arch. Jacek Kamiński, jak sam o sobie pisze:<br />
Pochodzi z Rybnika (choć pierwsze dni życia spędził w Knurowie).<br />
Zawód wyuczony &#8211; architekt. Wykonywany &#8211; antykwariusz ( Galeria &#8222;Pod Manekinem&#8221;). Związany z Instytutem Dokumentacji Architektury Biblioteki Śląskiej. Miłośnik lokalnej historii i dziedzictwa , w tym (niestety ginącej) spuścizny architektonicznej. Opublikował coś niecoś na te tematy. Z licznych interwencji w sprawie zagrożonych obiektów tylko nieliczne okazały się skuteczne. Lecz nie traci nadziei i nadal będzie nękał burzymurków i modernizatorów.</p>
<p style="text-align: left;" align="justify">Wykłady dostępne są online na kanale YouTube Instytutu Dokumentacji Architektury Biblioteki Śląskiej<br />
Link: <a href="https://youtu.be/JzvndH24URs">https://youtu.be/JzvndH24URs</a></p>

<p>W ramach cyklu „Architektoniczna Triada” serdecznie zapraszamy do obejrzenia trzech spotkań z dr arch. Jackiem Kamińskim. Tematem wykładów są dwudziestowieczne plany urbanistyczne miasta Rybnika, prezentowane na tle szerokiego kontekstu społecznego, politycznego i ekonomicznego ich powstania<a class="read-more" href="https://ida.bs.katowice.pl/index.php/wyklady/architektoniczna-triada/dwudziestowieczne-plany-urbanistyczne-rybnika-i-ich-realizacje/">Continue reading</a></p>

Marek Pęczak

Updated 11 miesięcy ago
