{"id":1710,"date":"2021-08-30T19:34:41","date_gmt":"2021-08-30T17:34:41","guid":{"rendered":"https:\/\/ida.bs.katowice.pl\/?page_id=1710"},"modified":"2026-04-20T13:58:16","modified_gmt":"2026-04-20T11:58:16","slug":"wyklady","status":"publish","type":"page","link":"https:\/\/ida.bs.katowice.pl\/index.php\/wyklady\/","title":{"rendered":"Wyk\u0142ady"},"content":{"rendered":"<blockquote>\n<p style=\"text-align: center;\">Zapraszamy do ogl\u0105dania wyk\u0142ad\u00f3w online kt\u00f3re odby\u0142y si\u0119 w ramach dzia\u0142alno\u015bci<br \/>Instytutu Dokumentacji Architektury Biblioteki \u015al\u0105skiej w Katowicach.<\/p>\n<\/blockquote>\n<p>&nbsp;<\/p>\n<div class=\"entry-content\">\n<div class=\"wbg-main-wrapper wbg-product-column-3 wbg-product-column-mobile-1\">\n<div class=\"wbg-item\"><a class=\"wgb-item-link\" href=\"https:\/\/ida.bs.katowice.pl\/index.php\/wyklady\/architektoniczna-triada\/dwudziestowieczne-plany-urbanistyczne-rybnika-i-ich-realizacje\/\"> <img decoding=\"async\" src=\"https:\/\/ida.bs.katowice.pl\/wp-content\/uploads\/2021\/04\/template-3.png\" alt=\"cykl wyk\u0142ad\u00f3w online dr in\u017c.arch. Jacka Kami\u0144skiego \" width=\"200\"> Dwudziestowieczne plany urbanistyczne Rybnika i ich realizacje<\/a><\/p>\n<div class=\"wbg-description-content\">\n<p style=\"text-align: left;\" align=\"justify\">Zapraszamy do obejrzenia trzech spotka\u0144 z dr arch. Jackiem Kami\u0144skim. Tematem wyk\u0142ad\u00f3w s\u0105 dwudziestowieczne plany urbanistyczne miasta Rybnika, prezentowane na tle szerokiego kontekstu spo\u0142ecznego, politycznego i ekonomicznego ich powstania i realizacji.<\/p>\n<\/div>\n<div>&nbsp;<\/div>\n<\/div>\n<div class=\"wbg-item\"><a class=\"wgb-item-link\" href=\"https:\/\/ida.bs.katowice.pl\/index.php\/wyklady\/architektoniczna-triada\/silesia-incognita-architektura-kosciolow-ewangelickich-gornego-slaska-1945-2017\/\"> <img decoding=\"async\" src=\"https:\/\/ida.bs.katowice.pl\/wp-content\/uploads\/2021\/05\/template-31.png\" alt=\"Architektoniczna Triada\" width=\"200\"> Silesia incognita. Architektura ko\u015bcio\u0142\u00f3w ewangelickich G\u00f3rnego \u015al\u0105ska 1945-2017 <\/a><\/p>\n<div class=\"wbg-description-content\">\n<p style=\"text-align: left;\" align=\"justify\">Serdecznie zapraszamy na wyk\u0142ad prof. dr hab. Ewy Chojeckiej pt. \u201eSilesia incognita. Architektura ko\u015bcio\u0142\u00f3w ewangelickich G\u00f3rnego \u015al\u0105ska 1945-2017\u201d. I tym razem prof. Ewa Chojecka, z charakterystyczn\u0105 dla siebie intuicj\u0105 i mistrzowsk\u0105 precyzj\u0105 si\u0119ga po temat wa\u017cny i dot\u0105d nieodkryty.<\/p>\n<\/div>\n<div>&nbsp;<\/div>\n<\/div>\n<div class=\"wbg-item\"><a class=\"wgb-item-link\" href=\"https:\/\/ida.bs.katowice.pl\/index.php\/wyklady\/architektoniczna-triada\/nowe-oblicze-architektura-tarnowskich-gor-w-okresie-miedzywojennym\/\"> <img decoding=\"async\" src=\"https:\/\/ida.bs.katowice.pl\/wp-content\/uploads\/2021\/05\/template-311.png\" alt=\"Architektoniczna Triada\" width=\"200\"> Nowe oblicze. Architektura Tarnowskich G\u00f3r w okresie mi\u0119dzywojennym<\/a><\/p>\n<div class=\"wbg-description-content\">\n<p style=\"text-align: left;\" align=\"justify\">Okres mi\u0119dzywojenny w dziejach Tarnowskich G\u00f3r by\u0142 czasem wielu wa\u017cnych przemian. Miasto znalaz\u0142o si\u0119 po raz pierwszy w granicach Polski, miejsce g\u00f3rnictwa jako czynnika rozwoju zast\u0105pi\u0142a kolej, a liczba mieszka\u0144c\u00f3w znacznie si\u0119 zwi\u0119kszy\u0142a. Wymownym \u015bwiadectwem tych proces\u00f3w s\u0105 pochodz\u0105ce z tego czasu budynki.<\/p>\n<div>&nbsp;<\/div>\n<\/div>\n<div>&nbsp;<\/div>\n<\/div>\n<div class=\"wbg-item\"><a class=\"wgb-item-link\" href=\"https:\/\/ida.bs.katowice.pl\/index.php\/wyklady\/architektoniczna-triada\/wielka-historia-malej-dzielnicy\/\"> <img decoding=\"async\" src=\"https:\/\/ida.bs.katowice.pl\/wp-content\/uploads\/2021\/10\/triada.jpg\" alt=\"Opowie\u015b\u0107 o historii Koszutki - Architektoniczna Triada\" width=\"200\"> Wielka historia ma\u0142ej dzielnicy<\/a><\/p>\n<div class=\"wbg-description-content\">\n<p style=\"text-align: left;\" align=\"justify\">Serdecznie zapraszamy na wyk\u0142ad Katarzyny Ossoli\u0144skiej &#8211; historyczki i bibliotekarki, zawodowo zwi\u0105zanej z Centrum Informacji Naukowej i Bibliotek\u0105 Akademick\u0105. Bada i popularyzuje dzieje Koszutki. Jest redaktork\u0105 strony na portalu Facebook \u2013 \u201eKoszutka historia i architektura\u201d<\/p>\n<div class=\"wbg-description-content\">\n<div>&nbsp;<\/div>\n<\/div>\n<\/div>\n<\/div>\n<div class=\"wbg-item\"><a class=\"wgb-item-link\" href=\"https:\/\/ida.bs.katowice.pl\/index.php\/wyklady\/architektoniczna-triada\/gliwice-na-tle-europejskich-tendencji-w-architekturze\/\"> <img decoding=\"async\" src=\"https:\/\/ida.bs.katowice.pl\/wp-content\/uploads\/2021\/11\/Grafika-Gliwice-PNG-kwadrat.png\" alt=\"Architektoniczna Triada\" width=\"200\"> Gliwice na tle europejskich tendencji w architekturze<\/a><\/p>\n<div class=\"wbg-description-content\">\n<p style=\"text-align: left;\" align=\"justify\">Celem prezentacji jest pokazanie wybranych element\u00f3w dziedzictwa architektonicznego miasta z okresu XX wieku i ich analiza w szerokim kontek\u015bcie europejskim. Pierwsze spotkanie dedykowane jest modernistycznej architekturze I po\u0142owy XX wieku.<\/p>\n<div class=\"wbg-description-content\">\n<div>&nbsp;<\/div>\n<\/div>\n<\/div>\n<\/div>\n<div class=\"wbg-item\"><a class=\"wgb-item-link\" href=\"https:\/\/ida.bs.katowice.pl\/index.php\/wyklady\/architekt-w-podrozy\/bydgoszcz-surowym-okiem\/\"> <img decoding=\"async\" src=\"https:\/\/ida.bs.katowice.pl\/wp-content\/uploads\/2022\/12\/Bydgoszcz-instagram-edytowalna.jpg\" alt=\"Architekt w Podr\u00f3\u017cy\" width=\"200\"> Bydgoszcz surowym okiem<\/a><\/p>\n<div class=\"wbg-description-content\">\n<p style=\"text-align: left;\" align=\"justify\">Bydgoszcz oferuje zr\u00f3\u017cnicowane mo\u017cliwo\u015bci zwiedzania: malownicz\u0105 star\u00f3wk\u0119, monumentalne gmachy i obiekty infrastrukturalne z epoki gr\u00fcndezeitu, polski mi\u0119dzywojenny modernizm. Dla zainteresowanych socmodernizmem czeka sporo realizacji z PRL-u, a mi\u0142o\u015bnicy architektury najnowszej r\u00f3wnie\u017c powinni by\u0107 ukontentowani.<\/p>\n<div class=\"wbg-description-content\">\n<div>&nbsp;<\/div>\n<\/div>\n<\/div>\n<\/div>\n<div class=\"wbg-item\"><a class=\"wgb-item-link\" href=\"https:\/\/ida.bs.katowice.pl\/index.php\/wyklady\/architekt-w-podrozy\/bialy-tel-awiw\/\"> <img decoding=\"async\" src=\"https:\/\/ida.bs.katowice.pl\/wp-content\/uploads\/2021\/06\/Nowy-projekt-3.png\" alt=\"Architekt w Podr\u00f3\u017cy\" width=\"200\">Bia\u0142y Tel Awiw <\/a><\/p>\n<div class=\"wbg-description-content\">\n<p style=\"text-align: left;\" align=\"justify\">Tel Awiw narodzi\u0142 si\u0119 w 1909 roku, staj\u0105c si\u0119 pr\u0119dko metropoli\u0105 m\u0142odego pa\u0144stwa Izrael, proklamowanego decyzj\u0105 ONZ w 1948 roku. Jego geneza si\u0119ga jednak roku 1884, kiedy to w pruskich Katowicach na zebraniu delegat\u00f3w Ruchu Mi\u0142o\u015bnik\u00f3w Syjonu, powo\u0142any zosta\u0142 \u017cydowski ruch osadniczy na terenie \u00f3wczesnej Palestyny.<\/p>\n<div class=\"wbg-description-content\">\n<div>&nbsp;<\/div>\n<\/div>\n<\/div>\n<\/div>\n<div class=\"wbg-item\"><a class=\"wgb-item-link\" href=\"https:\/\/ida.bs.katowice.pl\/index.php\/wyklady\/architekt-w-podrozy\/lizbona-miasto-i-ludzie\/\"> <img decoding=\"async\" src=\"https:\/\/ida.bs.katowice.pl\/wp-content\/uploads\/2021\/09\/Lizbona-instagram-edytowalna-1.jpg\" alt=\"Architekt w Podr\u00f3\u017cy\" width=\"200\">Lizbona &#8211; miasto i ludzie<\/a><\/p>\n<div class=\"wbg-description-content\">\n<p style=\"text-align: left;\" align=\"justify\">O niezwyk\u0142ej Lizbonie opowie nam prof. dr hab. arch. Magdalena \u017bmudzi\u0144ska-Nowak \u2013 badaczka, zajmuj\u0105ca si\u0119 szeroko poj\u0119tym dziedzictwem kulturowym, histori\u0105 i teori\u0105 architektury, a tak\u017ce zagadnieniami ochrony i adaptacji obiekt\u00f3w zabytkowych.<\/p>\n<div class=\"wbg-description-content\">\n<div>&nbsp;<\/div>\n<\/div>\n<\/div>\n<\/div>\n<div class=\"wbg-item\"><a class=\"wgb-item-link\" href=\"https:\/\/ida.bs.katowice.pl\/index.php\/wyklady\/architekt-w-podrozy\/istria-lekcja-dla-architekta\/\"> <img decoding=\"async\" src=\"https:\/\/ida.bs.katowice.pl\/wp-content\/uploads\/2022\/01\/Istria-instagram.png\" alt=\"Architekt w Podr\u00f3\u017cy\" width=\"200\">Istria \u2013 lekcja dla architekta<\/a><\/p>\n<div class=\"wbg-description-content\">\n<p style=\"text-align: left;\" align=\"justify\">P\u00f3\u0142wysep Istria to per\u0142a Chorwacji, lecz i S\u0142owenii, gdy\u017c jego fragment do niej nale\u017cy. Przez tysi\u0105clecia zmienia\u0142y si\u0119 ludy, narody, pa\u0144stwa, religie. Ka\u017cda zmiana niszczy\u0142a wprawdzie cz\u0119\u015b\u0107 spu\u015bcizny, lecz i wzbogaca\u0142a dorobek kulturowy. Ten za\u015b lokowany by\u0142 w malowniczym krajobrazie \u2013 skalistych zatokach, kamienistych p\u0142askowy\u017cach i takowych wzniesieniach.<\/p>\n<div class=\"wbg-description-content\">&nbsp;<\/div>\n<div>&nbsp;<\/div>\n<\/div>\n<div>&nbsp;<\/div>\n<\/div>\n<div class=\"wbg-item\"><a class=\"wgb-item-link\" href=\"https:\/\/ida.bs.katowice.pl\/index.php\/wyklady\/z-archiwum-architektow\/noc-muzeow-z-gwiazdami\/\"> <img decoding=\"async\" src=\"https:\/\/ida.bs.katowice.pl\/wp-content\/uploads\/2021\/05\/Noc-muzeow-2.png\" alt=\"Noc Muze\u00f3w\" width=\"200\"> Noc Muze\u00f3w z Gwiazdami<\/a><\/p>\n<div class=\"wbg-description-content\">\n<p style=\"text-align: left;\" align=\"justify\">Siedem wie\u017cowc\u00f3w osiedla Walentego Ro\u017adzie\u0144skiego zosta\u0142o zaprojektowanych na rzucie gwiazdy przez wybitnych \u015bl\u0105skich architekt\u00f3w: Henryka Buszko, Aleksandra Frant\u0119 i Tadeusza Szewczyka. Powsta\u0142y w latach 70. XX wieku na terenach dawnej kopalni KWK Katowice.<\/p>\n<div class=\"wbg-description-content\">\n<div>&nbsp;<\/div>\n<\/div>\n<\/div>\n<\/div>\n<\/div>\n<\/div>\n<\/div>\n<style class=\"advgb-styles-renderer\"><span data-mce-type=\"bookmark\" style=\"display: inline-block; width: 0px; overflow: hidden; line-height: 0;\" class=\"mce_SELRES_start\">\ufeff<\/span><span data-mce-type=\"bookmark\" style=\"display: inline-block; width: 0px; overflow: hidden; line-height: 0;\" class=\"mce_SELRES_start\">\ufeff<\/span><span data-mce-type=\"bookmark\" style=\"display: inline-block; width: 0px; overflow: hidden; line-height: 0;\" class=\"mce_SELRES_start\">\ufeff<\/span><span data-mce-type=\"bookmark\" style=\"display: inline-block; width: 0px; overflow: hidden; line-height: 0;\" class=\"mce_SELRES_start\">\ufeff<\/span><span style=\"display: inline-block; width: 0px; overflow: hidden; line-height: 0;\" data-mce-type=\"bookmark\" class=\"mce_SELRES_start\">\ufeff<\/span><span style=\"display: inline-block; width: 0px; overflow: hidden; line-height: 0;\" data-mce-type=\"bookmark\" class=\"mce_SELRES_start\">\ufeff<\/span><span style=\"display: inline-block; width: 0px; overflow: hidden; line-height: 0;\" data-mce-type=\"bookmark\" class=\"mce_SELRES_start\">\ufeff<\/span><span style=\"display: inline-block; width: 0px; overflow: hidden; line-height: 0;\" data-mce-type=\"bookmark\" class=\"mce_SELRES_start\">\ufeff<\/span><span style=\"display: inline-block; width: 0px; overflow: hidden; line-height: 0;\" data-mce-type=\"bookmark\" class=\"mce_SELRES_start\">\ufeff<\/span><br \/>.button {<br \/>  background-color: #4CAF50; \/* Green *\/<br \/>  border: none;<br \/>  color: white;<br \/>  padding: 15px 32px;<br \/>  text-align: center;<br \/>  text-decoration: none;<br \/>  display: inline-block;<br \/>  font-size: 16px;<br \/>  margin: 4px 2px;<br \/>  cursor: pointer;<br \/>}<br \/>.button3 {background-color: #ff2600;} \/* Red *\/<br \/>\n  .wbg-search-container .wbg-search-item .submit-btn {<br \/>    background: <span style=\"display: inline-block; width: 0px; overflow: hidden; line-height: 0;\" data-mce-type=\"bookmark\" class=\"mce_SELRES_start\">\ufeff<\/span>#ff7e00<span style=\"display: inline-block; width: 0px; overflow: hidden; line-height: 0;\" data-mce-type=\"bookmark\" class=\"mce_SELRES_end\">\ufeff<\/span>;<br \/>    box-shadow: 0 3px 0px 0.5px #dd9933;<br \/>    color: #000000;<br \/>  }<br \/>  .wbg-main-wrapper .wbg-item {<br \/>    border: 1px solid #DDDDDD;<br \/>    background-color: #FFFFFF;<br \/>  }<br \/>  .wbg-main-wrapper .wbg-item img {<br \/>    width: auto !important;<br \/>    height: 150px !important;<br \/>  }<br \/>  .wbg-main-wrapper .wbg-item img:hover {<br \/>      }<br \/>  .wbg-main-wrapper .wbg-item a.wbg-btn {<br \/>    background: #ff0000 !important;<br \/>    color: #FFFFFF !important;<br \/>  }<br \/>  .wbg-main-wrapper .wbg-item .wgb-item-link {<br \/>    color: <span style=\"display: inline-block; width: 0px; overflow: hidden; line-height: 0;\" data-mce-type=\"bookmark\" class=\"mce_SELRES_start\">\ufeff<\/span>#242424<span style=\"display: inline-block; width: 0px; overflow: hidden; line-height: 0;\" data-mce-type=\"bookmark\" class=\"mce_SELRES_end\">\ufeff<\/span> !important;<br \/>    font-size: 12px !important;<br \/>  }<br \/>  .wbg-main-wrapper .wbg-item .wgb-item-link:hover {<br \/>    color: #999999 !important;<br \/>  }<br \/>  .wbg-main-wrapper .wbg-item .wbg-description-content {<br \/>    font-size: 12px !important;<br \/>    color: #242424 !important;<br \/>  }<\/p>\n<p>  @-webkit-keyframes rotation {<br \/>        from {<br \/>                -webkit-transform: rotate(0deg);<br \/>        }<br \/>        to {<br \/>                -webkit-transform: rotate(360deg);<br \/>        }<br \/>  }<br \/><\/style>\n","protected":false},"excerpt":{"rendered":"<p>Zapraszamy do ogl\u0105dania wyk\u0142ad\u00f3w online kt\u00f3re odby\u0142y si\u0119 w ramach dzia\u0142alno\u015bciInstytutu Dokumentacji Architektury Biblioteki \u015al\u0105skiej w Katowicach. &nbsp; Dwudziestowieczne plany urbanistyczne Rybnika i ich realizacje Zapraszamy do obejrzenia trzech spotka\u0144 z dr arch. Jackiem Kami\u0144skim.<a class=\"read-more\" href=\"https:\/\/ida.bs.katowice.pl\/index.php\/wyklady\/\">Continue reading<\/a><\/p>\n","protected":false},"author":7,"featured_media":0,"parent":0,"menu_order":0,"comment_status":"closed","ping_status":"closed","template":"page-templates\/page_fullwidth.php","meta":{"advgb_blocks_editor_width":"","advgb_blocks_columns_visual_guide":"","ngg_post_thumbnail":0,"footnotes":""},"class_list":["post-1710","page","type-page","status-publish","hentry"],"coauthors":[],"author_meta":{"author_link":"https:\/\/ida.bs.katowice.pl\/index.php\/author\/peczakm\/","display_name":"Marek P\u0119czak"},"relative_dates":{"created":"Posted 5 lat ago","modified":"Updated 1 tydzie\u0144 ago"},"absolute_dates":{"created":"Posted on 30 sierpnia 2021","modified":"Updated on 20 kwietnia 2026"},"absolute_dates_time":{"created":"Posted on 30 sierpnia 2021 19:34","modified":"Updated on 20 kwietnia 2026 13:58"},"featured_img_caption":"","featured_img":false,"series_order":"","_links":{"self":[{"href":"https:\/\/ida.bs.katowice.pl\/index.php\/wp-json\/wp\/v2\/pages\/1710","targetHints":{"allow":["GET"]}}],"collection":[{"href":"https:\/\/ida.bs.katowice.pl\/index.php\/wp-json\/wp\/v2\/pages"}],"about":[{"href":"https:\/\/ida.bs.katowice.pl\/index.php\/wp-json\/wp\/v2\/types\/page"}],"author":[{"embeddable":true,"href":"https:\/\/ida.bs.katowice.pl\/index.php\/wp-json\/wp\/v2\/users\/7"}],"replies":[{"embeddable":true,"href":"https:\/\/ida.bs.katowice.pl\/index.php\/wp-json\/wp\/v2\/comments?post=1710"}],"version-history":[{"count":111,"href":"https:\/\/ida.bs.katowice.pl\/index.php\/wp-json\/wp\/v2\/pages\/1710\/revisions"}],"predecessor-version":[{"id":4470,"href":"https:\/\/ida.bs.katowice.pl\/index.php\/wp-json\/wp\/v2\/pages\/1710\/revisions\/4470"}],"wp:attachment":[{"href":"https:\/\/ida.bs.katowice.pl\/index.php\/wp-json\/wp\/v2\/media?parent=1710"}],"curies":[{"name":"wp","href":"https:\/\/api.w.org\/{rel}","templated":true}]}}