{"id":1597,"date":"2021-03-21T16:07:52","date_gmt":"2021-03-21T15:07:52","guid":{"rendered":"https:\/\/ida.bs.katowice.pl\/?page_id=1597"},"modified":"2025-07-02T14:07:53","modified_gmt":"2025-07-02T12:07:53","slug":"debowiec-the-small-centre-of-the-world-of-cieszyn-silesia","status":"publish","type":"page","link":"https:\/\/ida.bs.katowice.pl\/index.php\/en\/publications\/debowiec-the-small-centre-of-the-world-of-cieszyn-silesia\/","title":{"rendered":"D\u0119bowiec. The Small Centre of the World of Cieszyn Silesia."},"content":{"rendered":"<p>&nbsp;<\/p>\n<table border=\"0\" cellspacing=\"0\" cellpadding=\"5\">\n<tbody>\n<tr valign=\"top\">\n<td rowspan=\"5\"><img decoding=\"async\" class=\"wp-image-1328 aligncenter\" src=\"https:\/\/ida.bs.katowice.pl\/wp-content\/uploads\/2021\/03\/debowiec.jpg\" alt=\"\" width=\"300\"><\/td>\n<td>\n<p class=\"wbg-details-book-title\"><strong>Title:<\/strong><\/p>\n<\/td>\n<td>\n<p class=\"wbg-details-book-title\">D\u0119bowiec. Ma\u0142e centrum \u015bwiata \u015al\u0105ska Cieszy\u0144skiego.<br \/>\n(D\u0119bowiec. The Small Centre of the World of Cieszyn Silesia)<\/p>\n<\/td>\n<\/tr>\n<tr valign=\"top\">\n<td><b>Publisher:<\/b><\/td>\n<td>Biblioteka \u015al\u0105ska w Katowicach<br \/>\n(Silesian Library in Katowice)<\/td>\n<\/tr>\n<tr valign=\"top\">\n<td><b>Year:<\/b><\/td>\n<td><b><\/b> 2019<\/td>\n<\/tr>\n<tr valign=\"top\">\n<td><b>ISBN:<\/b><\/td>\n<td>978-83-75933-87-1<\/td>\n<\/tr>\n<tr valign=\"top\">\n<td><strong>Language:<\/strong><\/td>\n<td>Polish<\/td>\n<\/tr>\n<\/tbody>\n<\/table>\n<p align=\"justify\">A book containing a painting and drawing record of the small village of D\u0119bowiec as revealed by participants of an historical and architectural plein air event. Enhanced by a historical and architectural lecture, an essay by a native villager and a historical calendar, it provides an attractive and coherent portrait of the village, bringing out its landscape, architectural and historical values. An artistic and research project of the Reflektory (Spotlights) team.<\/p>\n<p align=\"justify\"><strong data-start=\"39\" data-end=\"51\">Editing:<\/strong> Iga Herok-Turska, Magdalena \u017bmudzi\u0144ska-Nowak<br data-start=\"96\" data-end=\"99\"><strong data-start=\"99\" data-end=\"135\">Concept and content development:<\/strong> Iga Herok-Turska, Magdalena \u017bmudzi\u0144ska-Nowak<br data-start=\"180\" data-end=\"183\"><strong data-start=\"183\" data-end=\"200\" data-is-only-node=\"\">Proofreading:<\/strong> Mariusz Kulan<br data-start=\"214\" data-end=\"217\"><strong data-start=\"217\" data-end=\"234\">Cover design:<\/strong> Justyna Swoszowska<br data-start=\"253\" data-end=\"256\"><strong data-start=\"256\" data-end=\"291\">Graphic design and typesetting:<\/strong> Ryszard Latusek<br data-start=\"307\" data-end=\"310\"><strong data-start=\"310\" data-end=\"336\">Technical cooperation:<\/strong> Marek P\u0119czak<br data-start=\"349\" data-end=\"352\"><strong data-start=\"352\" data-end=\"377\">Printing and binding:<\/strong> Drukarnia Wydawnictwa ARKA, Cieszyn (ARKA Publishing House Printing House, Cieszyn)<br data-start=\"423\" data-end=\"426\"><strong data-start=\"426\" data-end=\"440\">Publisher:<\/strong> Biblioteka \u015al\u0105ska w Katowicach i Starostwo Powiatowe w Cieszynie (Silesian Library in Katowice and the Cieszyn District Office)<br data-start=\"501\" data-end=\"504\">\u00a9 Copyright by Silesian Library, Katowice 2019<br data-start=\"550\" data-end=\"553\"><strong data-start=\"553\" data-end=\"562\">ISBN:<\/strong> 978-83-75933-87-1<\/p>\n","protected":false},"excerpt":{"rendered":"<p>&nbsp; Title: D\u0119bowiec. Ma\u0142e centrum \u015bwiata \u015al\u0105ska Cieszy\u0144skiego. (D\u0119bowiec. The Small Centre of the World of Cieszyn Silesia) Publisher: Biblioteka \u015al\u0105ska w Katowicach (Silesian Library in Katowice) Year: 2019 ISBN: 978-83-75933-87-1 Language: Polish A book<a class=\"read-more\" href=\"https:\/\/ida.bs.katowice.pl\/index.php\/en\/publications\/debowiec-the-small-centre-of-the-world-of-cieszyn-silesia\/\">Continue reading<\/a><\/p>\n","protected":false},"author":7,"featured_media":0,"parent":1581,"menu_order":0,"comment_status":"closed","ping_status":"closed","template":"page-templates\/page_fullwidth.php","meta":{"advgb_blocks_editor_width":"","advgb_blocks_columns_visual_guide":"","ngg_post_thumbnail":0,"footnotes":""},"class_list":["post-1597","page","type-page","status-publish","hentry"],"coauthors":[],"author_meta":{"author_link":"https:\/\/ida.bs.katowice.pl\/index.php\/author\/peczakm\/","display_name":"Marek P\u0119czak"},"relative_dates":{"created":"Posted 5 lat ago","modified":"Updated 10 miesi\u0119cy ago"},"absolute_dates":{"created":"Posted on 21 marca 2021","modified":"Updated on 2 lipca 2025"},"absolute_dates_time":{"created":"Posted on 21 marca 2021 16:07","modified":"Updated on 2 lipca 2025 14:07"},"featured_img_caption":"","featured_img":false,"series_order":"","_links":{"self":[{"href":"https:\/\/ida.bs.katowice.pl\/index.php\/wp-json\/wp\/v2\/pages\/1597","targetHints":{"allow":["GET"]}}],"collection":[{"href":"https:\/\/ida.bs.katowice.pl\/index.php\/wp-json\/wp\/v2\/pages"}],"about":[{"href":"https:\/\/ida.bs.katowice.pl\/index.php\/wp-json\/wp\/v2\/types\/page"}],"author":[{"embeddable":true,"href":"https:\/\/ida.bs.katowice.pl\/index.php\/wp-json\/wp\/v2\/users\/7"}],"replies":[{"embeddable":true,"href":"https:\/\/ida.bs.katowice.pl\/index.php\/wp-json\/wp\/v2\/comments?post=1597"}],"version-history":[{"count":7,"href":"https:\/\/ida.bs.katowice.pl\/index.php\/wp-json\/wp\/v2\/pages\/1597\/revisions"}],"predecessor-version":[{"id":3973,"href":"https:\/\/ida.bs.katowice.pl\/index.php\/wp-json\/wp\/v2\/pages\/1597\/revisions\/3973"}],"up":[{"embeddable":true,"href":"https:\/\/ida.bs.katowice.pl\/index.php\/wp-json\/wp\/v2\/pages\/1581"}],"wp:attachment":[{"href":"https:\/\/ida.bs.katowice.pl\/index.php\/wp-json\/wp\/v2\/media?parent=1597"}],"curies":[{"name":"wp","href":"https:\/\/api.w.org\/{rel}","templated":true}]}}