{"id":1595,"date":"2021-03-21T16:04:32","date_gmt":"2021-03-21T15:04:32","guid":{"rendered":"https:\/\/ida.bs.katowice.pl\/?page_id=1595"},"modified":"2025-07-02T14:09:12","modified_gmt":"2025-07-02T12:09:12","slug":"debowiec-male-centrum-swiata-slaska-cieszynskiego","status":"publish","type":"page","link":"https:\/\/ida.bs.katowice.pl\/index.php\/publikacje\/debowiec-male-centrum-swiata-slaska-cieszynskiego\/","title":{"rendered":"D\u0119bowiec. Ma\u0142e centrum \u015bwiata \u015al\u0105ska Cieszy\u0144skiego."},"content":{"rendered":"<table border=\"0\" cellspacing=\"0\" cellpadding=\"5\">\n<tbody>\n<tr valign=\"top\">\n<td rowspan=\"5\"><img loading=\"lazy\" decoding=\"async\" class=\"wp-image-1328 aligncenter\" src=\"https:\/\/ida.bs.katowice.pl\/wp-content\/uploads\/2021\/03\/debowiec.jpg\" alt=\"Ok\u0142adka. D\u0119bowiec\" width=\"300\" height=\"2099\"><\/td>\n<td>\n<p class=\"wbg-details-book-title\"><strong>Tytu\u0142:<\/strong><\/p>\n<\/td>\n<td>\n<p class=\"wbg-details-book-title\">D\u0119bowiec. Ma\u0142e centrum \u015bwiata \u015al\u0105ska Cieszy\u0144skiego.<\/p>\n<\/td>\n<\/tr>\n<tr valign=\"top\">\n<td><b>Wydawca:<\/b><\/td>\n<td>Biblioteka \u015al\u0105ska w Katowicach<\/td>\n<\/tr>\n<tr valign=\"top\">\n<td><b>Rok wydania:<\/b><\/td>\n<td><b><\/b> 2019<\/td>\n<\/tr>\n<tr valign=\"top\">\n<td><b>ISBN:<\/b><\/td>\n<td>978-83-75933-87-1<\/td>\n<\/tr>\n<tr valign=\"top\">\n<td><strong>Dost\u0119pno\u015b\u0107<\/strong><\/td>\n<td><a href=\"https:\/\/bs.katowice.pl\/debowiec-male-centrum-swiata-slaska-cieszynskiego-2\/\" target=\"_blank\" rel=\"noopener\" aria-label=\"Sprawd\u017a dost\u0119pno\u015b\u0107 ksi\u0105\u017cki: D\u0119bowiec. Ma\u0142e centrum \u015bwiata \u015al\u0105ska Cieszy\u0144skiego na stronie wydawnictwa\">Sprawd\u017a na stronie Wydawnictwa B\u015a<\/a><\/td>\n<\/tr>\n<\/tbody>\n<\/table>\n<p align=\"justify\">&nbsp;<\/p>\n<p style=\"text-align: left;\" align=\"justify\">Ksi\u0105\u017cka poplenerowa, b\u0119d\u0105ca zapisem malarskim i rysunkowym ma\u0142ej miejscowo\u015bci D\u0119bowiec odkrytej przez uczestnik\u00f3w pleneru historyczno-architektonicznego. Wzbogacona wyk\u0142adem historycznym i architektonicznym, esejem rodowitego mieszka\u0144ca wsi oraz kalendarium historycznym, daje atrakcyjny i sp\u00f3jny portret miejscowo\u015bci, wydobywaj\u0105c jej warto\u015bci krajobrazowe, architektoniczne i historyczne. Projekt artystyczno-badawczy zespo\u0142u Reflektory.<\/p>\n<p align=\"justify\"><strong>Redakcja:<\/strong> Iga Herok-Turska, Magdalena \u017bmudzi\u0144ska-Nowak<br \/>\n<strong>Koncepcja i opracowanie merytoryczne:<\/strong> Iga Herok-Turska, Magdalena \u017bmudzi\u0144ska-Nowak<br \/>\n<strong>Korekta:<\/strong> Mariusz Kulan<br \/>\n<strong>Projekt ok\u0142adki:<\/strong> Justyna Swoszowska<br \/>\n<strong>Opracowanie graficzne i sk\u0142ad:<\/strong> Ryszard Latusek<br \/>\n<strong>Wsp\u00f3\u0142praca techniczna:<\/strong> Marek P\u0119czak<br \/>\n<strong>Druk i oprawa:<\/strong> Drukarnia Wydawnictwa ARKA, Cieszyn<br \/>\n<strong>Wydawca:<\/strong> Biblioteka \u015al\u0105ska w Katowicach i Starostwo Powiatowe w Cieszynie<br \/>\n\u00a9 Copyright by Biblioteka \u015al\u0105sk, Katowice 2019<br \/>\nISBN: 978-83-75933-87-1<\/p>\n","protected":false},"excerpt":{"rendered":"<p>Tytu\u0142: D\u0119bowiec. Ma\u0142e centrum \u015bwiata \u015al\u0105ska Cieszy\u0144skiego. Wydawca: Biblioteka \u015al\u0105ska w Katowicach Rok wydania: 2019 ISBN: 978-83-75933-87-1 Dost\u0119pno\u015b\u0107 Sprawd\u017a na stronie Wydawnictwa B\u015a &nbsp; Ksi\u0105\u017cka poplenerowa, b\u0119d\u0105ca zapisem malarskim i rysunkowym ma\u0142ej miejscowo\u015bci D\u0119bowiec odkrytej<a class=\"read-more\" href=\"https:\/\/ida.bs.katowice.pl\/index.php\/publikacje\/debowiec-male-centrum-swiata-slaska-cieszynskiego\/\">Continue reading<\/a><\/p>\n","protected":false},"author":7,"featured_media":0,"parent":1317,"menu_order":0,"comment_status":"closed","ping_status":"closed","template":"page-templates\/page_fullwidth.php","meta":{"advgb_blocks_editor_width":"","advgb_blocks_columns_visual_guide":"","ngg_post_thumbnail":0,"footnotes":""},"class_list":["post-1595","page","type-page","status-publish","hentry"],"coauthors":[],"author_meta":{"author_link":"https:\/\/ida.bs.katowice.pl\/index.php\/author\/peczakm\/","display_name":"Marek P\u0119czak"},"relative_dates":{"created":"Posted 5 lat ago","modified":"Updated 10 miesi\u0119cy ago"},"absolute_dates":{"created":"Posted on 21 marca 2021","modified":"Updated on 2 lipca 2025"},"absolute_dates_time":{"created":"Posted on 21 marca 2021 16:04","modified":"Updated on 2 lipca 2025 14:09"},"featured_img_caption":"","featured_img":false,"series_order":"","_links":{"self":[{"href":"https:\/\/ida.bs.katowice.pl\/index.php\/wp-json\/wp\/v2\/pages\/1595","targetHints":{"allow":["GET"]}}],"collection":[{"href":"https:\/\/ida.bs.katowice.pl\/index.php\/wp-json\/wp\/v2\/pages"}],"about":[{"href":"https:\/\/ida.bs.katowice.pl\/index.php\/wp-json\/wp\/v2\/types\/page"}],"author":[{"embeddable":true,"href":"https:\/\/ida.bs.katowice.pl\/index.php\/wp-json\/wp\/v2\/users\/7"}],"replies":[{"embeddable":true,"href":"https:\/\/ida.bs.katowice.pl\/index.php\/wp-json\/wp\/v2\/comments?post=1595"}],"version-history":[{"count":9,"href":"https:\/\/ida.bs.katowice.pl\/index.php\/wp-json\/wp\/v2\/pages\/1595\/revisions"}],"predecessor-version":[{"id":3974,"href":"https:\/\/ida.bs.katowice.pl\/index.php\/wp-json\/wp\/v2\/pages\/1595\/revisions\/3974"}],"up":[{"embeddable":true,"href":"https:\/\/ida.bs.katowice.pl\/index.php\/wp-json\/wp\/v2\/pages\/1317"}],"wp:attachment":[{"href":"https:\/\/ida.bs.katowice.pl\/index.php\/wp-json\/wp\/v2\/media?parent=1595"}],"curies":[{"name":"wp","href":"https:\/\/api.w.org\/{rel}","templated":true}]}}