{"id":1585,"date":"2021-03-21T15:34:06","date_gmt":"2021-03-21T14:34:06","guid":{"rendered":"https:\/\/ida.bs.katowice.pl\/?page_id=1585"},"modified":"2025-07-02T13:50:27","modified_gmt":"2025-07-02T11:50:27","slug":"jerzy-gottfried-architekt","status":"publish","type":"page","link":"https:\/\/ida.bs.katowice.pl\/index.php\/publikacje\/jerzy-gottfried-architekt\/","title":{"rendered":"Jerzy Gottfried. Architekt"},"content":{"rendered":"<p>&nbsp;<\/p>\n<table border=\"0\" cellspacing=\"0\" cellpadding=\"5\">\n<tbody>\n<tr valign=\"top\">\n<td rowspan=\"5\"><img loading=\"lazy\" decoding=\"async\" class=\"wp-image-1328 aligncenter\" src=\"https:\/\/ida.bs.katowice.pl\/wp-content\/uploads\/2021\/03\/Gottfried.jpg\" alt=\"Ok\u0142adka - Jerzy Gotfriedd. Architekt\" width=\"300\" height=\"1681\"><\/td>\n<td>\n<p class=\"wbg-details-book-title\"><strong>Tytu\u0142:<\/strong><\/p>\n<\/td>\n<td>\n<p class=\"wbg-details-book-title\">Jerzy Gottfried. Architekt<\/p>\n<\/td>\n<\/tr>\n<tr valign=\"top\">\n<td><b>Wydawca:<\/b><\/td>\n<td>Biblioteka \u015al\u0105ska w Katowicach i SARP oddzia\u0142 Katowice<\/td>\n<\/tr>\n<tr valign=\"top\">\n<td><b>Rok wydania:<\/b><\/td>\n<td><b><\/b> 2016<\/td>\n<\/tr>\n<tr valign=\"top\">\n<td><b>ISBN:<\/b><\/td>\n<td>978-83-64210-26-6<\/td>\n<\/tr>\n<tr valign=\"top\">\n<td><strong>Dost\u0119pno\u015b\u0107<\/strong><\/td>\n<td><a href=\"https:\/\/bs.katowice.pl\/jerzy-gottfried-architekt\/\" target=\"_blank\" rel=\"noopener\" aria-label=\"Sprawd\u017a dost\u0119pno\u015b\u0107 ksi\u0105\u017cki: Jerzy Gottfried. Architekt na stronie wydawnictwa\">Sprawd\u017a na stronie Wydawnictwa B\u015a<\/a><\/td>\n<\/tr>\n<\/tbody>\n<\/table>\n<p style=\"text-align: left;\" align=\"justify\"><em>\u201eArchitekt nie powinien nigdy zapomina\u0107 o transcendentalnym charakterze swej profesji. Zaspokaja\u0107 nie tylko konkretne potrzeby, ale marzenia i t\u0119sknoty poszczeg\u00f3lnych jednostek i ca\u0142ych zbiorowisk\u201d.<\/em> ~Jerzy Gottfried<\/p>\n<p style=\"text-align: left;\" align=\"justify\">Przedstawiony w ksi\u0105\u017cce portret wybitnego architekta, jednego cz\u0142onk\u00f3w tzw. \u201eZielonych Koni\u201d (H. Buszko, A. Franta, J. Gottfried) autora m.in.: Hali kwiat\u00f3w w Parku Kultury i Wypoczynku, Pawilon\u00f3w wystawienniczych w O\u015brodku Post\u0119pu Technicznego w Chorzowie, Wie\u017cowca DOKP w Katowicach, Hali sportowej w Opolu, w Sosnowcu i wielu innych obiekt\u00f3w, nakre\u015blony pi\u00f3rem przyjaci\u00f3\u0142, uczni\u00f3w i koleg\u00f3w po fachu.<\/p>\n<p style=\"text-align: left;\" align=\"justify\">Publikacja towarzysz\u0105ca benefisowi Architekta pt. \u201eUcze\u0144 cie\u015bli\u201d w Bibliotece \u015al\u0105skiej w Katowicach w 2016 r.<\/p>\n<p align=\"justify\"><strong>Wydawca:<\/strong> Biblioteka \u015al\u0105ska w Katowicach i SARP oddzia\u0142 Katowice<br \/>\n<strong>Koncepcja, opracowanie merytoryczne i redakcja:<\/strong> Iga Herok-Turska<br \/>\n<strong>Projekt i opracowanie graficzne:<\/strong> Jaros\u0142aw Kaczmarski<br \/>\n<strong>Fotografie i rysunki:<\/strong> Anna Tomaka-W\u00f3jcik, Iwona Wander, Tadeusz Barucki, Henryk Buszko, Aleksander Franta, Jerzy Gottfried<br \/>\n<strong>\u00a9 copyright by<\/strong> Biblioteka \u015al\u0105ska, Katowice 2016<br \/>\n<strong>ISBN:<\/strong> 978-83-64210-26-6<\/p>\n","protected":false},"excerpt":{"rendered":"<p>&nbsp; Tytu\u0142: Jerzy Gottfried. Architekt Wydawca: Biblioteka \u015al\u0105ska w Katowicach i SARP oddzia\u0142 Katowice Rok wydania: 2016 ISBN: 978-83-64210-26-6 Dost\u0119pno\u015b\u0107 Sprawd\u017a na stronie Wydawnictwa B\u015a \u201eArchitekt nie powinien nigdy zapomina\u0107 o transcendentalnym charakterze swej profesji.<a class=\"read-more\" href=\"https:\/\/ida.bs.katowice.pl\/index.php\/publikacje\/jerzy-gottfried-architekt\/\">Continue reading<\/a><\/p>\n","protected":false},"author":7,"featured_media":0,"parent":1317,"menu_order":0,"comment_status":"closed","ping_status":"closed","template":"page-templates\/page_fullwidth.php","meta":{"advgb_blocks_editor_width":"","advgb_blocks_columns_visual_guide":"","ngg_post_thumbnail":0,"footnotes":""},"class_list":["post-1585","page","type-page","status-publish","hentry"],"coauthors":[],"author_meta":{"author_link":"https:\/\/ida.bs.katowice.pl\/index.php\/author\/peczakm\/","display_name":"Marek P\u0119czak"},"relative_dates":{"created":"Posted 5 lat ago","modified":"Updated 10 miesi\u0119cy ago"},"absolute_dates":{"created":"Posted on 21 marca 2021","modified":"Updated on 2 lipca 2025"},"absolute_dates_time":{"created":"Posted on 21 marca 2021 15:34","modified":"Updated on 2 lipca 2025 13:50"},"featured_img_caption":"","featured_img":false,"series_order":"","_links":{"self":[{"href":"https:\/\/ida.bs.katowice.pl\/index.php\/wp-json\/wp\/v2\/pages\/1585","targetHints":{"allow":["GET"]}}],"collection":[{"href":"https:\/\/ida.bs.katowice.pl\/index.php\/wp-json\/wp\/v2\/pages"}],"about":[{"href":"https:\/\/ida.bs.katowice.pl\/index.php\/wp-json\/wp\/v2\/types\/page"}],"author":[{"embeddable":true,"href":"https:\/\/ida.bs.katowice.pl\/index.php\/wp-json\/wp\/v2\/users\/7"}],"replies":[{"embeddable":true,"href":"https:\/\/ida.bs.katowice.pl\/index.php\/wp-json\/wp\/v2\/comments?post=1585"}],"version-history":[{"count":9,"href":"https:\/\/ida.bs.katowice.pl\/index.php\/wp-json\/wp\/v2\/pages\/1585\/revisions"}],"predecessor-version":[{"id":3967,"href":"https:\/\/ida.bs.katowice.pl\/index.php\/wp-json\/wp\/v2\/pages\/1585\/revisions\/3967"}],"up":[{"embeddable":true,"href":"https:\/\/ida.bs.katowice.pl\/index.php\/wp-json\/wp\/v2\/pages\/1317"}],"wp:attachment":[{"href":"https:\/\/ida.bs.katowice.pl\/index.php\/wp-json\/wp\/v2\/media?parent=1585"}],"curies":[{"name":"wp","href":"https:\/\/api.w.org\/{rel}","templated":true}]}}