{"id":1472,"date":"2019-02-06T14:35:53","date_gmt":"2019-02-06T13:35:53","guid":{"rendered":"https:\/\/ida.bs.katowice.pl\/?page_id=1472"},"modified":"2025-10-23T09:01:10","modified_gmt":"2025-10-23T07:01:10","slug":"contacts","status":"publish","type":"page","link":"https:\/\/ida.bs.katowice.pl\/index.php\/en\/contacts\/","title":{"rendered":"Contacts"},"content":{"rendered":"<blockquote><p>The Institute of Architecture Documentation of the Silesian Library invites you to use the archive collections after a prior appointment by phone or e-mail with an employee of the Institute.<\/p><\/blockquote>\n<p style=\"text-align: left;\"><strong><span style=\"text-decoration: underline;\">The IAD (Polish: IDA) team is represented by:<\/span> <\/strong><\/p>\n<p style=\"text-align: left;\"><span style=\"text-decoration: underline;\">Director:<\/span><br \/>\nMagdalena \u017bmudzi\u0144ska-Nowak Professor Ph.D., DSc, Arch.<br \/>\ne-mail: <a href=\"mailto:magdalena.zmudzinska.nowak@bs.katowice.pl\">magdalena.zmudzinska.nowak@bs.katowice.pl<\/a><\/p>\n<p><span style=\"text-decoration: underline;\">Vice Director:<\/span><br \/>\nDominika \u015aliwi\u0144ska MSc<br \/>\ntel: +48 785 710 210<br \/>\ne-mail: <a href=\"mailto:dominika.sliwinska@bs.katowice.pl\">dominika.sliwinska@bs.katowice.pl<\/a><\/p>\n<p style=\"text-align: left;\"><span style=\"text-decoration: underline;\">Architecture documentation specialists:<\/span><br \/>\nOktawia Skakowska, MSc<br \/>\ne-mail: <a href=\"mailto:oktawia.skakowska@bs.katowice.pl\">oktawia.skakowska@bs.katowice.pl<\/a><\/p>\n<p>Julia Wild<br \/>\ne-mail: <a href=\"mailto:julia.wild@bs.katowice.pl\">julia.wild@bs.katowice.pl<\/a><\/p>\n<p style=\"text-align: left;\"><span style=\"text-decoration: underline;\">Archives &#8211; Architecture documentation specialist:<\/span><br \/>\nJakub Br\u00f3dka Ph.D., Eng. Arch.<br \/>\ne-mail: <a href=\"mailto:ida@bs.katowice.pl\">ida@bs.katowice.pl<\/a><br \/>\ntel: +48 605 057 127<\/p>\n<p><span style=\"text-decoration: underline;\">IT service<\/span><br \/>\nMarek P\u0119czak<br \/>\ne-mail: <a href=\"mailto:marek.peczak@bs.katowice.pl\">marek.peczak@bs.katowice.pl<\/a><\/p>\n<p>Institute of Architecture Documentation<br \/>\nul. Francuska 12, 40-015 Katowice<br \/>\ntel: +48 785 710 210<br \/>\ntel: +48 605 057 127 &#8211; Architecture Archive<br \/>\ne-mail: <a href=\"mailto:ida@bs.katowice.pl\">ida@bs.katowice.pl<\/a><br \/>\nMonday-Friday 10am to 3pm<\/p>\n<p><iframe loading=\"lazy\" style=\"border: 1px solid black;\" src=\"https:\/\/www.openstreetmap.org\/export\/embed.html?bbox=19.026869237422947%2C50.25532229726956%2C19.029379785060883%2C50.2564489847365&amp;layer=mapnik&amp;marker=50.25588478688502%2C19.028124511241913\" width=\"425\" height=\"350\" frameborder=\"0\" marginwidth=\"0\" marginheight=\"0\" scrolling=\"no\"><\/iframe><br \/>\n<small><a href=\"https:\/\/www.openstreetmap.org\/?mlat=50.25588&amp;mlon=19.02812#map=19\/50.25589\/19.02812\">Wy\u015bwietl wi\u0119ksz\u0105 map\u0119<\/a><\/small><\/p>\n","protected":false},"excerpt":{"rendered":"<p>The Institute of Architecture Documentation of the Silesian Library invites you to use the archive collections after a prior appointment by phone or e-mail with an employee of the Institute. The IAD (Polish: IDA) team<a class=\"read-more\" href=\"https:\/\/ida.bs.katowice.pl\/index.php\/en\/contacts\/\">Continue reading<\/a><\/p>\n","protected":false},"author":7,"featured_media":0,"parent":0,"menu_order":0,"comment_status":"closed","ping_status":"closed","template":"page-templates\/page_fullwidth.php","meta":{"advgb_blocks_editor_width":"","advgb_blocks_columns_visual_guide":"","ngg_post_thumbnail":0,"footnotes":""},"class_list":["post-1472","page","type-page","status-publish","hentry"],"coauthors":[],"author_meta":{"author_link":"https:\/\/ida.bs.katowice.pl\/index.php\/author\/peczakm\/","display_name":"Marek P\u0119czak"},"relative_dates":{"created":"Posted 7 lat ago","modified":"Updated 6 miesi\u0119cy ago"},"absolute_dates":{"created":"Posted on 6 lutego 2019","modified":"Updated on 23 pa\u017adziernika 2025"},"absolute_dates_time":{"created":"Posted on 6 lutego 2019 14:35","modified":"Updated on 23 pa\u017adziernika 2025 09:01"},"featured_img_caption":"","featured_img":false,"series_order":"","_links":{"self":[{"href":"https:\/\/ida.bs.katowice.pl\/index.php\/wp-json\/wp\/v2\/pages\/1472","targetHints":{"allow":["GET"]}}],"collection":[{"href":"https:\/\/ida.bs.katowice.pl\/index.php\/wp-json\/wp\/v2\/pages"}],"about":[{"href":"https:\/\/ida.bs.katowice.pl\/index.php\/wp-json\/wp\/v2\/types\/page"}],"author":[{"embeddable":true,"href":"https:\/\/ida.bs.katowice.pl\/index.php\/wp-json\/wp\/v2\/users\/7"}],"replies":[{"embeddable":true,"href":"https:\/\/ida.bs.katowice.pl\/index.php\/wp-json\/wp\/v2\/comments?post=1472"}],"version-history":[{"count":23,"href":"https:\/\/ida.bs.katowice.pl\/index.php\/wp-json\/wp\/v2\/pages\/1472\/revisions"}],"predecessor-version":[{"id":4028,"href":"https:\/\/ida.bs.katowice.pl\/index.php\/wp-json\/wp\/v2\/pages\/1472\/revisions\/4028"}],"wp:attachment":[{"href":"https:\/\/ida.bs.katowice.pl\/index.php\/wp-json\/wp\/v2\/media?parent=1472"}],"curies":[{"name":"wp","href":"https:\/\/api.w.org\/{rel}","templated":true}]}}