{"id":1317,"date":"2021-03-21T23:55:52","date_gmt":"2021-03-21T22:55:52","guid":{"rendered":"https:\/\/ida.bs.katowice.pl\/?page_id=1317"},"modified":"2025-12-22T11:01:47","modified_gmt":"2025-12-22T10:01:47","slug":"publikacje","status":"publish","type":"page","link":"https:\/\/ida.bs.katowice.pl\/index.php\/publikacje\/","title":{"rendered":"Publikacje"},"content":{"rendered":"<div class=\"entry-content\">\n<div class=\"wbg-main-wrapper wbg-product-column-3 wbg-product-column-mobile-1\">\n<div class=\"wbg-item\"><a class=\"wgb-item-link\" href=\"https:\/\/ida.bs.katowice.pl\/index.php\/publikacje\/jurand-jarecki-architekt\/\"><br \/>\n<img decoding=\"async\" src=\"https:\/\/ida.bs.katowice.pl\/wp-content\/uploads\/2021\/03\/Jarecki.jpg\" alt=\"Ok\u0142adka. Jurand Jarecki. Architekt\" width=\"200\"><br \/>\nJurand Jarecki. Architekt <\/a><\/p>\n<div class=\"wbg-description-content\">\n<p style=\"text-align: left;\" align=\"justify\">\u201eZ architektur\u0105 jest jak z angielskim d\u017centelmenem. Gdy opuszcza pok\u00f3j, nie mo\u017cna powiedzie\u0107, jak by\u0142 ubrany. Nie mo\u017cna te\u017c powiedzie\u0107&#8230;<\/p>\n<\/div>\n<div class=\"wbg-description-content\">&nbsp;<\/div>\n<\/div>\n<div class=\"wbg-item\"><a class=\"wgb-item-link\" href=\"https:\/\/ida.bs.katowice.pl\/index.php\/publikacje\/jerzy-gottfried-architekt\/\"><br \/>\n<img decoding=\"async\" src=\"https:\/\/ida.bs.katowice.pl\/wp-content\/uploads\/2021\/03\/Gottfried.jpg\" alt=\"Ok\u0142adka. Jerzy Gottfried. Architekt\" width=\"200\" data-wp-editing=\"1\"><br \/>\nJerzy Gottfried. Architekt <\/a><\/p>\n<div class=\"wbg-description-content\">\n<p style=\"text-align: left;\" align=\"justify\">\u201eArchitekt nie powinien nigdy zapomina\u0107 o transcendentalnym charakterze swej profesji. Zaspokaja\u0107 nie tylko konkretne potrzeby, ale marzenia i t\u0119sknoty poszczeg\u00f3lnych&#8230;<\/p>\n<\/div>\n<div class=\"wbg-description-content\">&nbsp;<\/div>\n<\/div>\n<div class=\"wbg-item\"><a class=\"wgb-item-link\" href=\"https:\/\/ida.bs.katowice.pl\/index.php\/publikacje\/reflektory-interdyscyplinarne-spojrzenie-na-dziedzictwo-architektury-gornego-slaska-drugiej-polowy-xx-wieku\/\"><br \/>\n<img decoding=\"async\" src=\"https:\/\/ida.bs.katowice.pl\/wp-content\/uploads\/2021\/03\/OKLADKA-scaled.jpg\" alt=\"Ok\u0142adka. Reflektory.\" width=\"200\"><br \/>\nReflektory. Interdyscyplinarne spojrzenie na dziedzictwo architektury G\u00f3rnego \u015al\u0105ska drugiej po\u0142owy XX wieku<\/a><\/p>\n<div class=\"wbg-description-content\">\n<p style=\"text-align: left;\" align=\"justify\">Tytu\u0142owe \u201eReflektory\u201d prezentuj\u0105 temat z perspektywy: historycznej, historii sztuki, architektury, socjologii i antropologii, tworz\u0105c interdyscyplinarny i wielowymiarowy obraz&#8230;<\/p>\n<\/div>\n<\/div>\n<div class=\"wbg-item\"><a class=\"wgb-item-link\" href=\"https:\/\/ida.bs.katowice.pl\/index.php\/publikacje\/debowiec-male-centrum-swiata-slaska-cieszynskiego\/\"><br \/>\n<img decoding=\"async\" src=\"https:\/\/ida.bs.katowice.pl\/wp-content\/uploads\/2021\/03\/debowiec.jpg\" alt=\"Ok\u0142adka. D\u0119bowiec - Ma\u0142e Centrum \u015awiata \u015al\u0105ska Cieszy\u0144skiego.\" width=\"200\"><br \/>\nD\u0119bowiec. Ma\u0142e centrum \u015bwiata \u015al\u0105ska Cieszy\u0144skiego. <\/a><\/p>\n<div class=\"wbg-description-content\">\n<p style=\"text-align: left;\" align=\"justify\">Ksi\u0105\u017cka poplenerowa, b\u0119d\u0105ca zapisem malarskim i rysunkowym ma\u0142ej miejscowo\u015bci D\u0119bowiec odkrytej przez uczestnik\u00f3w pleneru historyczno-architektonicznego. Wzbogacona wyk\u0142adem historycznym i architektonicznym&#8230;<\/p>\n<\/div>\n<\/div>\n<div class=\"wbg-item\"><a class=\"wgb-item-link\" href=\"https:\/\/ida.bs.katowice.pl\/index.php\/publikacje\/tadeusz-barucki-architekt-podroznik-badacz\/\"><br \/>\n<img decoding=\"async\" src=\"https:\/\/ida.bs.katowice.pl\/wp-content\/uploads\/2022\/07\/009-A.-TB-\u2013-okladka-ksiazki.png\" alt=\"Ok\u0142adka ksi\u0105\u017cki Tadeusz Barucki. architekt- podr\u00f3\u017cnik - badacz\" width=\"350\"><br \/>\nTadeusz Barucki. Architekt-podr\u00f3\u017cnik-badacz <\/a><\/p>\n<div class=\"wbg-description-content\">\n<p style=\"text-align: left;\" align=\"justify\">Tadeusz Barucki (1922 r.) \u2013 architekt, podr\u00f3\u017cnik i badacz o niespo\u017cytej potrzebie poznawania \u015bwiata architektury i dokumentowania go. Jego ksi\u0105\u017cki, artyku\u0142y i wyk\u0142ady stworzy\u0142y unikatow\u0105 skarbnic\u0119 wiadomo\u015bci&#8230;<\/p>\n<\/div>\n<\/div>\n<div class=\"wbg-item\"><a class=\"wgb-item-link\" href=\"https:\/\/ida.bs.katowice.pl\/index.php\/publikacje\/stanislaw-kwasniewicz-architekt\/\"><br \/>\n<img decoding=\"async\" src=\"https:\/\/ida.bs.katowice.pl\/wp-content\/uploads\/2023\/05\/okladka.jpg\" alt=\"Ok\u0142adka ksi\u0105\u017cki Stanis\u0142aw Kwa\u015bniewicz. architekt\" width=\"350\" border=\"1\"><br \/>\nStanis\u0142aw Kwa\u015bniewicz. Architekt<\/a><\/p>\n<div class=\"wbg-description-content\">\n<p style=\"text-align: left;\" align=\"justify\">Ksi\u0105\u017cka, kt\u00f3r\u0105 oddajemy w Pa\u0144stwa r\u0119ce, dotyczy jednego z najwa\u017cniejszych architekt\u00f3w p\u00f3\u017anego modernizmu dzia\u0142aj\u0105cych na terenie G\u00f3rnego \u015al\u0105ska, jakim by\u0142 Stanis\u0142aw Kwa\u015bniewicz&#8230;<\/p>\n<\/div>\n<\/div>\n<div class=\"wbg-item\"><a class=\"wgb-item-link\" href=\"https:\/\/ida.bs.katowice.pl\/index.php\/publikacje\/teatr-ziemi-rybnickiej-architektura-i-historia\"><br \/>\n<img decoding=\"async\" src=\"https:\/\/ida.bs.katowice.pl\/wp-content\/uploads\/2025\/09\/teatr_ziemi_rybnickiej_front.png\" alt=\"Ok\u0142adka ksi\u0105\u017cki Teatr Ziemi Rybnickiej\" width=\"300\" border=\"0\"><br \/>\nTeatr Ziemi Rybnickiej. Architektura i historia<\/a><\/p>\n<div class=\"wbg-description-content\">\n<p style=\"text-align: left;\" align=\"justify\">Teatr Ziemi Rybnickiej to miejsce pe\u0142ne historii, kt\u00f3re by\u0142o i jest istotn\u0105 cz\u0119\u015bci\u0105 spo\u0142ecznego krajobrazu miasta.\u2026<\/p>\n<\/div>\n<\/div>\n<div class=\"wbg-item\"><a class=\"wgb-item-link\" href=\"https:\/\/ida.bs.katowice.pl\/index.php\/publikacje\/z-powazaniem-stanislaw-tabenski-budowniczy\/\"><br \/>\n<img decoding=\"async\" src=\"https:\/\/ida.bs.katowice.pl\/wp-content\/uploads\/2025\/12\/z_powazaniem_stanislaw_tabenski_front.png\" alt=\"Ok\u0142adka ksi\u0105\u017cki Z powa\u017caniem Stanis\u0142aw Tabe\u0144ski - budowniczy\" width=\"300\" border=\"0\"><br \/>\nZ powa\u017caniem Stanis\u0142aw Tabe\u0144ski \u2013 budowniczy<\/a><\/p>\n<div class=\"wbg-description-content\">\n<p style=\"text-align: left;\" align=\"justify\">Tematem ksi\u0105\u017cki jest dzia\u0142alno\u015b\u0107 architekta i budowniczego, Stanis\u0142awa Tabe\u0144skiego (1890\u20131977), kt\u00f3ry zaznaczy\u0142 swoj\u0105 obecno\u015b\u0107 w przestrzeni miast g\u00f3rno\u015bl\u0105skich okresu mi\u0119dzywojennego mi\u0119dzy innymi takimi dzie\u0142ami architektury, jak Bank Gospodarstwa Krajowego (ul. Mickiewicza), Dom Towarzystwa O\u015bwiatowego (czyli Biblioteka \u015al\u0105ska przy ul. Francuskiej) w Katowicach czy s\u0142ynny \u201ewie\u017cowiec\u201d Komunalnej Kasy Oszcz\u0119dno\u015bciowej w Chorzowie&#8230;<\/p>\n<\/div>\n<\/div>\n<\/div>\n<\/div>\n<style class=\"advgb-styles-renderer\"><span data-mce-type=\"bookmark\" style=\"display: inline-block; width: 0px; overflow: hidden; line-height: 0;\" class=\"mce_SELRES_start\">\ufeff<\/span><span data-mce-type=\"bookmark\" style=\"display: inline-block; width: 0px; overflow: hidden; line-height: 0;\" class=\"mce_SELRES_start\">\ufeff<\/span><span data-mce-type=\"bookmark\" style=\"display: inline-block; width: 0px; overflow: hidden; line-height: 0;\" class=\"mce_SELRES_start\">\ufeff<\/span><span data-mce-type=\"bookmark\" style=\"display: inline-block; width: 0px; overflow: hidden; line-height: 0;\" class=\"mce_SELRES_start\">\ufeff<\/span><span style=\"display: inline-block; width: 0px; overflow: hidden; line-height: 0;\" data-mce-type=\"bookmark\" class=\"mce_SELRES_start\">\ufeff<\/span><span style=\"display: inline-block; width: 0px; overflow: hidden; line-height: 0;\" data-mce-type=\"bookmark\" class=\"mce_SELRES_start\">\ufeff<\/span><span style=\"display: inline-block; width: 0px; overflow: hidden; line-height: 0;\" data-mce-type=\"bookmark\" class=\"mce_SELRES_start\">\ufeff<\/span><span style=\"display: inline-block; width: 0px; overflow: hidden; line-height: 0;\" data-mce-type=\"bookmark\" class=\"mce_SELRES_start\">\ufeff<\/span><span style=\"display: inline-block; width: 0px; overflow: hidden; line-height: 0;\" data-mce-type=\"bookmark\" class=\"mce_SELRES_start\">\ufeff<\/span><br \/>.button {<br \/>  background-color: #4CAF50; \/* Green *\/<br \/>  border: none;<br \/>  color: white;<br \/>  padding: 15px 32px;<br \/>  text-align: center;<br \/>  text-decoration: none;<br \/>  display: inline-block;<br \/>  font-size: 16px;<br \/>  margin: 4px 2px;<br \/>  cursor: pointer;<br \/>}<br \/>.button3 {background-color: #ff2600;} \/* Red *\/<br \/>\n  .wbg-search-container .wbg-search-item .submit-btn {<br \/>    background: <span style=\"display: inline-block; width: 0px; overflow: hidden; line-height: 0;\" data-mce-type=\"bookmark\" class=\"mce_SELRES_start\">\ufeff<\/span>#ff7e00<span style=\"display: inline-block; width: 0px; overflow: hidden; line-height: 0;\" data-mce-type=\"bookmark\" class=\"mce_SELRES_end\">\ufeff<\/span>;<br \/>    box-shadow: 0 3px 0px 0.5px #dd9933;<br \/>    color: #000000;<br \/>  }<br \/>  .wbg-main-wrapper .wbg-item {<br \/>    border: 1px solid #DDDDDD;<br \/>    background-color: #FFFFFF;<br \/>  }<br \/>  .wbg-main-wrapper .wbg-item img {<br \/>    width: auto !important;<br \/>    height: 150px !important;<br \/>  }<br \/>  .wbg-main-wrapper .wbg-item img:hover {<br \/>      }<br \/>  .wbg-main-wrapper .wbg-item a.wbg-btn {<br \/>    background: #ff0000 !important;<br \/>    color: #FFFFFF !important;<br \/>  }<br \/>  .wbg-main-wrapper .wbg-item .wgb-item-link {<br \/>    color: <span style=\"display: inline-block; width: 0px; overflow: hidden; line-height: 0;\" data-mce-type=\"bookmark\" class=\"mce_SELRES_start\">\ufeff<\/span>#242424<span style=\"display: inline-block; width: 0px; overflow: hidden; line-height: 0;\" data-mce-type=\"bookmark\" class=\"mce_SELRES_end\">\ufeff<\/span> !important;<br \/>    font-size: 12px !important;<br \/>  }<br \/>  .wbg-main-wrapper .wbg-item .wgb-item-link:hover {<br \/>    color: #999999 !important;<br \/>  }<br \/>  .wbg-main-wrapper .wbg-item .wbg-description-content {<br \/>    font-size: 12px !important;<br \/>    color: #242424 !important;<br \/>  }<\/p>\n<p>  @-webkit-keyframes rotation {<br \/>        from {<br \/>                -webkit-transform: rotate(0deg);<br \/>        }<br \/>        to {<br \/>                -webkit-transform: rotate(360deg);<br \/>        }<br \/>  }<br \/><\/style>\n","protected":false},"excerpt":{"rendered":"<p>Jurand Jarecki. Architekt \u201eZ architektur\u0105 jest jak z angielskim d\u017centelmenem. Gdy opuszcza pok\u00f3j, nie mo\u017cna powiedzie\u0107, jak by\u0142 ubrany. Nie mo\u017cna te\u017c powiedzie\u0107&#8230; &nbsp; Jerzy Gottfried. Architekt \u201eArchitekt nie powinien nigdy zapomina\u0107 o transcendentalnym charakterze<a class=\"read-more\" href=\"https:\/\/ida.bs.katowice.pl\/index.php\/publikacje\/\">Continue reading<\/a><\/p>\n","protected":false},"author":7,"featured_media":0,"parent":0,"menu_order":0,"comment_status":"closed","ping_status":"closed","template":"page-templates\/page_fullwidth.php","meta":{"advgb_blocks_editor_width":"","advgb_blocks_columns_visual_guide":"","ngg_post_thumbnail":0,"footnotes":""},"class_list":["post-1317","page","type-page","status-publish","hentry"],"coauthors":[],"author_meta":{"author_link":"https:\/\/ida.bs.katowice.pl\/index.php\/author\/peczakm\/","display_name":"Marek P\u0119czak"},"relative_dates":{"created":"Posted 5 lat ago","modified":"Updated 4 miesi\u0105ce ago"},"absolute_dates":{"created":"Posted on 21 marca 2021","modified":"Updated on 22 grudnia 2025"},"absolute_dates_time":{"created":"Posted on 21 marca 2021 23:55","modified":"Updated on 22 grudnia 2025 11:01"},"featured_img_caption":"","featured_img":false,"series_order":"","_links":{"self":[{"href":"https:\/\/ida.bs.katowice.pl\/index.php\/wp-json\/wp\/v2\/pages\/1317","targetHints":{"allow":["GET"]}}],"collection":[{"href":"https:\/\/ida.bs.katowice.pl\/index.php\/wp-json\/wp\/v2\/pages"}],"about":[{"href":"https:\/\/ida.bs.katowice.pl\/index.php\/wp-json\/wp\/v2\/types\/page"}],"author":[{"embeddable":true,"href":"https:\/\/ida.bs.katowice.pl\/index.php\/wp-json\/wp\/v2\/users\/7"}],"replies":[{"embeddable":true,"href":"https:\/\/ida.bs.katowice.pl\/index.php\/wp-json\/wp\/v2\/comments?post=1317"}],"version-history":[{"count":35,"href":"https:\/\/ida.bs.katowice.pl\/index.php\/wp-json\/wp\/v2\/pages\/1317\/revisions"}],"predecessor-version":[{"id":4064,"href":"https:\/\/ida.bs.katowice.pl\/index.php\/wp-json\/wp\/v2\/pages\/1317\/revisions\/4064"}],"wp:attachment":[{"href":"https:\/\/ida.bs.katowice.pl\/index.php\/wp-json\/wp\/v2\/media?parent=1317"}],"curies":[{"name":"wp","href":"https:\/\/api.w.org\/{rel}","templated":true}]}}