{"id":1180,"date":"2020-12-02T19:32:02","date_gmt":"2020-12-02T18:32:02","guid":{"rendered":"https:\/\/ida.bs.katowice.pl\/?page_id=1180"},"modified":"2025-06-03T12:07:51","modified_gmt":"2025-06-03T10:07:51","slug":"dziekonscy","status":"publish","type":"page","link":"https:\/\/ida.bs.katowice.pl\/index.php\/filmoteka\/dziekonscy\/","title":{"rendered":"arch. Marek i Ewa Dzieko\u0144scy Portret filmowy &#8211; Kolekcja."},"content":{"rendered":"<center><iframe loading=\"lazy\" src=\"https:\/\/www.youtube.com\/embed\/ZrgwBKGmo0c\" width=\"560\" height=\"315\" frameborder=\"0\" allowfullscreen=\"allowfullscreen\"><\/iframe><\/center>\r\n<p>\r\n\r\n<\/p>\r\n<blockquote>\r\n<p style=\"text-align: left;\" align=\"justify\">Marek i Ewa Dzieko\u0144scy s\u0105 jedn\u0105 z par architekt\u00f3w, kt\u00f3rzy wsp\u00f3lnie z Hann\u0105 Adamczewsk\u0105 i Kazimierzem Wejchertem, Mari\u0105 i Andrzejem Czy\u017cewskimi oraz Bo\u017cen\u0105 i Januszem W\u0142odarczykami wsp\u00f3\u0142tworzyli miasto Nowe Tychy.<\/p>\r\n<p style=\"text-align: left;\" align=\"justify\">MAREK DZIEKO\u0143SKI urodzi\u0142 si\u0119 w 1930 r. w Warszawie. Jako wnuk architekta i konserwatora zabytk\u00f3w J\u00f3zefa Piusa Dzieko\u0144skiego oraz syn architekta Tomasza Dzieko\u0144skiego wyrasta\u0142 w kr\u0119gu tw\u00f3rczo\u015bci i sztuki. Ju\u017c w dzieci\u0144stwie fascynowa\u0142y go zabawy polegaj\u0105ce na rze\u017abieniu wyimaginowanych miast we Wroc\u0142awiu. Studiowa\u0142 na Wydziale Architektury we Wroc\u0142awiu. Jego wybitne zdolno\u015bci doceni\u0142 prof. Tadeusz Brzoza, anga\u017cuj\u0105c go w roli asystenta w Katedrze Projektowania Budynk\u00f3w Spo\u0142eczno\u2013Mieszkalnych. R\u00f3wnolegle prac\u0119 na uczelni \u0142\u0105czy\u0142 z prac\u0105 projektow\u0105 we wroc\u0142awskim Miastoprojekcie.<\/p>\r\n<p style=\"text-align: left;\" align=\"justify\">EWA DZIEKO\u0143SKA, z domu S\u0119dzikowska, urodzi\u0142a si\u0119 w Skar\u017cysku Kamiennej w 1929 r. Szkol\u0119 \u015bredni\u0105 uko\u0144czy\u0142a w Brzegu. Wyb\u00f3r zawodu architekta nie by\u0142 realizacj\u0105 jej m\u0142odzie\u0144czych fascynacji, ale \u015bwiadomym wyborem zawodu, w kt\u00f3rym mog\u0142a s\u0142u\u017cy\u0107 ludziom. Marka pozna\u0142a w czasie studi\u00f3w architektonicznych we Wroc\u0142awiu. Wsp\u00f3lnie pracowali do p\u00f3\u017anych lat 70.<\/p>\r\n<\/blockquote>\r\n<p style=\"text-align: left;\" align=\"justify\">O projekcie: \u201ePortrety filmowe architekt\u00f3w G\u00f3rnego \u015al\u0105ska drugiej po\u0142owy XX wieku. Kolekcja.\u201d Projekt ma na celu przedstawienie sylwetek architekt\u00f3w: Stanis\u0142awa Niemczyka, Marka i Ewy Dzieko\u0144skich, Jerzego Witeczka, Janusza i Bo\u017ceny W\u0142odarczyk\u00f3w \u2013 przedstawicieli powojennej architektury na G\u00f3rnym \u015al\u0105sku, a tak\u017ce arch. Tadeusza Baruckiego \u2013 historyka sztuki i dokumentalisty, prezentuj\u0105cego osi\u0105gni\u0119cia \u015bwiatowej architektury tego okresu. W projekcie istotne jest nie tylko zaprezentowanie dziedzictwa architektonicznego powsta\u0142ego po 1945 roku i zachowanej dokumentacji projektowej lecz tak\u017ce, a mo\u017ce przede wszystkim \u2013 ukazanie sylwetek jej tw\u00f3rc\u00f3w, ich z\u0142o\u017conych \u017cyciorys\u00f3w i osobowo\u015bci. Realizowana przez nas kolekcja portret\u00f3w filmowych wpisuje si\u0119 w dzia\u0142alno\u015b\u0107 dokumentacyjn\u0105, archiwizacyjn\u0105, badawcz\u0105 i popularyzatorsk\u0105 Instytutu Dokumentacji Architektury Biblioteki \u015al\u0105skiej. <br><br>Projekt dofinansowany jest ze \u015brodk\u00f3w Muzeum Historii Polski w Warszawie w ramach Programu \u201ePatriotyzm Jutra&#8221;.<br><br>Fotografia z archiwum Ewy Dzieko\u0144skiej.<br>Markowi i Ewie Dzieko\u0144skim towarzyszy Hanna Adamczewska-Wejchert<\/p>\r\n<p>\r\n\r\n<\/p>\r\n<center><a href=\"http:\/\/creativecommons.org\/licenses\/by\/3.0\/pl\/\" rel=\"license\"><img decoding=\"async\" style=\"border-width: 0;\" src=\"https:\/\/i.creativecommons.org\/l\/by\/3.0\/pl\/88x31.png\" alt=\"Licencja Creative Commons\"><\/a> <br>This work is available under <a href=\"http:\/\/creativecommons.org\/licenses\/by\/3.0\/pl\/\" rel=\"license\">license Creative Commons Uznanie autorstwa 3.0 Polska<\/a>. <br>(Creative Commons Attribution 3.0 Poland licence).<\/center>\r\n<p><\/p>","protected":false},"excerpt":{"rendered":"<p>Marek i Ewa Dzieko\u0144scy s\u0105 jedn\u0105 z par architekt\u00f3w, kt\u00f3rzy wsp\u00f3lnie z Hann\u0105 Adamczewsk\u0105 i Kazimierzem Wejchertem, Mari\u0105 i Andrzejem Czy\u017cewskimi oraz Bo\u017cen\u0105 i Januszem W\u0142odarczykami wsp\u00f3\u0142tworzyli miasto Nowe Tychy. MAREK DZIEKO\u0143SKI urodzi\u0142 si\u0119 w<a class=\"read-more\" href=\"https:\/\/ida.bs.katowice.pl\/index.php\/filmoteka\/dziekonscy\/\">Continue reading<\/a><\/p>\n","protected":false},"author":7,"featured_media":0,"parent":1101,"menu_order":0,"comment_status":"closed","ping_status":"closed","template":"page-templates\/page_fullwidth.php","meta":{"advgb_blocks_editor_width":"","advgb_blocks_columns_visual_guide":"","ngg_post_thumbnail":0,"footnotes":""},"class_list":["post-1180","page","type-page","status-publish","hentry"],"coauthors":[],"author_meta":{"author_link":"https:\/\/ida.bs.katowice.pl\/index.php\/author\/peczakm\/","display_name":"Marek P\u0119czak"},"relative_dates":{"created":"Posted 5 lat ago","modified":"Updated 10 miesi\u0119cy ago"},"absolute_dates":{"created":"Posted on 2 grudnia 2020","modified":"Updated on 3 czerwca 2025"},"absolute_dates_time":{"created":"Posted on 2 grudnia 2020 19:32","modified":"Updated on 3 czerwca 2025 12:07"},"featured_img_caption":"","featured_img":false,"series_order":"","_links":{"self":[{"href":"https:\/\/ida.bs.katowice.pl\/index.php\/wp-json\/wp\/v2\/pages\/1180","targetHints":{"allow":["GET"]}}],"collection":[{"href":"https:\/\/ida.bs.katowice.pl\/index.php\/wp-json\/wp\/v2\/pages"}],"about":[{"href":"https:\/\/ida.bs.katowice.pl\/index.php\/wp-json\/wp\/v2\/types\/page"}],"author":[{"embeddable":true,"href":"https:\/\/ida.bs.katowice.pl\/index.php\/wp-json\/wp\/v2\/users\/7"}],"replies":[{"embeddable":true,"href":"https:\/\/ida.bs.katowice.pl\/index.php\/wp-json\/wp\/v2\/comments?post=1180"}],"version-history":[{"count":7,"href":"https:\/\/ida.bs.katowice.pl\/index.php\/wp-json\/wp\/v2\/pages\/1180\/revisions"}],"predecessor-version":[{"id":2577,"href":"https:\/\/ida.bs.katowice.pl\/index.php\/wp-json\/wp\/v2\/pages\/1180\/revisions\/2577"}],"up":[{"embeddable":true,"href":"https:\/\/ida.bs.katowice.pl\/index.php\/wp-json\/wp\/v2\/pages\/1101"}],"wp:attachment":[{"href":"https:\/\/ida.bs.katowice.pl\/index.php\/wp-json\/wp\/v2\/media?parent=1180"}],"curies":[{"name":"wp","href":"https:\/\/api.w.org\/{rel}","templated":true}]}}